Jan 22 16:55:06 localhost kernel: [ 8.943057] Adding 530140k swap on /dev/sda2. Priority:-1 extents:1 across:530140k
Jan 22 16:55:10 localhost kernel: [ 16.023535] NET: Registered protocol family 10
Jan 22 16:55:10 localhost dhcpd: Internet Systems Consortium DHCP Server 4.2.3-P2
Jan 22 16:55:10 localhost dhcpd: Copyright 2004-2012 Internet Systems Consortium.
Jan 22 16:55:10 localhost dhcpd: All rights reserved.
Jan 22 16:55:10 localhost dhcpd: For info, please visit https://www.isc.org/software/dhcp/
Jan 22 16:55:10 localhost dhcpd: Wrote 7 leases to leases file.
Jan 22 16:55:16 localhost kernel: [ 22.080320] ADDRCONF(NETDEV_UP): eth0: link is not ready
Jan 22 16:55:23 localhost dbus[830]: [system] Activating service name='org.freedesktop.ConsoleKit' (using servicehelper)
Jan 22 16:55:23 localhost dbus[830]: [system] Activating service name='org.freedesktop.PolicyKit1' (using servicehelper)
Jan 22 16:55:23 localhost polkitd[1059]: started daemon version 0.103 using authority implementation `local' version `0.103'
Jan 22 16:55:23 localhost dbus[830]: [system] Successfully activated service 'org.freedesktop.PolicyKit1'
Jan 22 16:55:23 localhost dbus[830]: [system] Successfully activated service 'org.freedesktop.ConsoleKit'
Jan 22 16:55:26 localhost dbus[830]: [system] Activating service name='org.freedesktop.RealtimeKit1' (using servicehelper)
Jan 22 16:55:26 localhost dbus[830]: [system] Successfully activated service 'org.freedesktop.RealtimeKit1'
Jan 22 12:55:26 localhost rtkit-daemon[1118]: Successfully made thread 1116 of process 1116 (/usr/bin/pulseaudio) owned by '1000' high priority at nice level -11.
Jan 22 16:56:17 localhost kernel: [ 83.690076] usb 6-1: new full-speed USB device number 2 using uhci_hcd
Jan 22 16:56:18 localhost kernel: [ 83.918609] Bluetooth: Core ver 2.16
Jan 22 16:56:18 localhost kernel: [ 83.918642] NET: Registered protocol family 31
Jan 22 16:56:18 localhost kernel: [ 83.918645] Bluetooth: HCI device and connection manager initialized
Jan 22 16:56:18 localhost kernel: [ 83.918650] Bluetooth: HCI socket layer initialized
Jan 22 16:56:18 localhost kernel: [ 83.918653] Bluetooth: L2CAP socket layer initialized
Jan 22 16:56:18 localhost kernel: [ 83.918661] Bluetooth: SCO socket layer initialized
Jan 22 16:56:18 localhost kernel: [ 83.943546] Bluetooth: Generic Bluetooth USB driver ver 0.6
Jan 22 16:56:18 localhost kernel: [ 83.944333] usbcore: registered new interface driver btusb
Jan 22 16:56:58 localhost udevd[221]: worker [1272] exit
Jan 22 16:56:58 localhost udevd[221]: worker [1272] cleaned up
Jan 22 16:56:58 localhost udevd[221]: worker [1271] exit
Jan 22 16:56:58 localhost udevd[221]: worker [1271] cleaned up
Jan 22 16:57:07 localhost udevd[221]: validate module index
Jan 22 16:57:07 localhost udevd[221]: seq 1793 queued, 'add' 'firmware'
Jan 22 16:57:07 localhost udevd[221]: seq 1793 forked new worker [1395]
Jan 22 16:57:07 localhost udevd[1395]: seq 1793 running
Jan 22 16:57:07 localhost udevd[1395]: device 0x94e0340 has devpath '/devices/pci0000:00/0000:00:1c.1/0000:03:00.0/firmware/0000:03:00.0'
Jan 22 16:57:07 localhost udevd[1395]: no db file to read /run/udev/data/+firmware:0000:03:00.0: No such file or directory
Jan 22 16:57:07 localhost udevd[1395]: RUN 'firmware --firmware=$env{FIRMWARE} --devpath=$env{DEVPATH}' /etc/udev/rules.d/50-firmware.rules:4
Jan 22 16:57:07 localhost udevd[1395]: device 0x94ef7e0 has devpath '/devices/pci0000:00/0000:00:1c.1/0000:03:00.0'
Jan 22 16:57:07 localhost udevd[1395]: device 0x94efbd8 has devpath '/devices/pci0000:00/0000:00:1c.1'
Jan 22 16:57:07 localhost udevd[1395]: device 0x94efed8 has devpath '/devices/pci0000:00'
Jan 22 16:57:07 localhost udevd[1396]: starting 'firmware --firmware=iwlwifi-3945-2.ucode --devpath=/devices/pci0000:00/0000:00:1c.1/0000:03:00.0/firmware/0000:03:00.0'
Jan 22 16:57:07 localhost udevd[1395]: 'firmware --firmware=iwlwifi-3945-2.ucode --devpath=/devices/pci0000:00/0000:00:1c.1/0000:03:00.0/firmware/0000:03:00.0' [1396] exit with return code 2
Jan 22 16:57:07 localhost udevd[1395]: passed -1 bytes to netlink monitor 0x94ef520
Jan 22 16:57:07 localhost udevd[1395]: seq 1793 processed with 0
Jan 22 16:57:07 localhost udevd[221]: seq 1793 done with 0
Jan 22 16:58:08 localhost udevd[221]: validate module index
Jan 22 16:58:08 localhost udevd[221]: seq 1794 queued, 'remove' 'firmware'
Jan 22 16:58:08 localhost udevd[221]: passed 248 bytes to netlink monitor 0x94e0340
Jan 22 16:58:08 localhost udevd[221]: seq 1795 queued, 'add' 'firmware'
Jan 22 16:58:08 localhost udevd[1395]: seq 1794 running
Jan 22 16:58:08 localhost udevd[1395]: no db file to read /run/udev/data/+firmware:0000:03:00.0: No such file or directory
Jan 22 16:58:08 localhost udevd[1395]: passed -1 bytes to netlink monitor 0x94ef520
Jan 22 16:58:08 localhost udevd[221]: seq 1794 done with 0
Jan 22 16:58:08 localhost udevd[221]: passed 245 bytes to netlink monitor 0x94e0340
Jan 22 16:58:08 localhost udevd[1395]: seq 1794 processed with 0
Jan 22 16:58:08 localhost udevd[1395]: seq 1795 running
Jan 22 16:58:08 localhost udevd[1395]: device 0x94e0340 has devpath '/devices/pci0000:00/0000:00:1c.1/0000:03:00.0/firmware/0000:03:00.0'
Jan 22 16:58:08 localhost udevd[1395]: no db file to read /run/udev/data/+firmware:0000:03:00.0: No such file or directory
Jan 22 16:58:08 localhost udevd[1395]: RUN 'firmware --firmware=$env{FIRMWARE} --devpath=$env{DEVPATH}' /etc/udev/rules.d/50-firmware.rules:4
Jan 22 16:58:08 localhost udevd[1395]: device 0x94ef7c0 has devpath '/devices/pci0000:00/0000:00:1c.1/0000:03:00.0'
Jan 22 16:58:08 localhost udevd[1395]: device 0x94efba8 has devpath '/devices/pci0000:00/0000:00:1c.1'
Jan 22 16:58:08 localhost udevd[1395]: device 0x94efe90 has devpath '/devices/pci0000:00'
Jan 22 16:58:08 localhost udevd[1427]: starting 'firmware --firmware=iwlwifi-3945-1.ucode --devpath=/devices/pci0000:00/0000:00:1c.1/0000:03:00.0/firmware/0000:03:00.0'
Jan 22 16:58:08 localhost udevd[1395]: 'firmware --firmware=iwlwifi-3945-1.ucode --devpath=/devices/pci0000:00/0000:00:1c.1/0000:03:00.0/firmware/0000:03:00.0' [1427] exit with return code 2
Jan 22 16:58:08 localhost udevd[1395]: passed -1 bytes to netlink monitor 0x94ef520
Jan 22 16:58:08 localhost udevd[221]: seq 1795 done with 0
Jan 22 16:58:08 localhost udevd[1395]: seq 1795 processed with 0
Jan 22 16:59:09 localhost udevd[221]: validate module index
Jan 22 16:59:09 localhost udevd[221]: seq 1796 queued, 'remove' 'firmware'
Jan 22 16:59:09 localhost udevd[221]: passed 248 bytes to netlink monitor 0x94e0340
Jan 22 16:59:09 localhost udevd[1395]: seq 1796 running
Jan 22 16:59:09 localhost udevd[1395]: no db file to read /run/udev/data/+firmware:0000:03:00.0: No such file or directory
Jan 22 16:59:09 localhost udevd[1395]: passed -1 bytes to netlink monitor 0x94ef520
Jan 22 16:59:09 localhost udevd[221]: seq 1796 done with 0
Jan 22 16:59:09 localhost udevd[1395]: seq 1796 processed with 0
Jan 22 16:59:09 localhost udevd[221]: seq 1797 queued, 'add' 'firmware'
Jan 22 16:59:09 localhost udevd[221]: passed 245 bytes to netlink monitor 0x94e0340
Jan 22 16:59:09 localhost udevd[1395]: seq 1797 running
Jan 22 16:59:09 localhost udevd[1395]: device 0x94e0340 has devpath '/devices/pci0000:00/0000:00:1c.1/0000:03:00.0/firmware/0000:03:00.0'
Jan 22 16:59:09 localhost udevd[1395]: no db file to read /run/udev/data/+firmware:0000:03:00.0: No such file or directory
Jan 22 16:59:09 localhost udevd[1395]: RUN 'firmware --firmware=$env{FIRMWARE} --devpath=$env{DEVPATH}' /etc/udev/rules.d/50-firmware.rules:4
Jan 22 16:59:09 localhost udevd[1395]: device 0x94ef788 has devpath '/devices/pci0000:00/0000:00:1c.1/0000:03:00.0'
Jan 22 16:59:09 localhost udevd[1395]: device 0x94efb60 has devpath '/devices/pci0000:00/0000:00:1c.1'
Jan 22 16:59:09 localhost udevd[1395]: device 0x94efe60 has devpath '/devices/pci0000:00'
Jan 22 16:59:09 localhost udevd[1442]: starting 'firmware --firmware=iwlwifi-3945-2.ucode --devpath=/devices/pci0000:00/0000:00:1c.1/0000:03:00.0/firmware/0000:03:00.0'
Jan 22 16:59:09 localhost udevd[1395]: 'firmware --firmware=iwlwifi-3945-2.ucode --devpath=/devices/pci0000:00/0000:00:1c.1/0000:03:00.0/firmware/0000:03:00.0' [1442] exit with return code 2
Jan 22 16:59:09 localhost udevd[1395]: passed -1 bytes to netlink monitor 0x94ef520
Jan 22 16:59:09 localhost udevd[1395]: seq 1797 processed with 0
Jan 22 16:59:09 localhost udevd[221]: seq 1797 done with 0