Mar 13 19:47:04 localhost udevadm[739]: custom logging function 0x410c30 registered
Mar 13 19:47:04 localhost udevadm[739]: runtime dir '/run/udev'
Mar 13 19:47:04 localhost udevadm[739]: calling: monitor
Mar 13 19:47:28 localhost udevd[174]: validate module index
Mar 13 19:47:28 localhost udevd[174]: seq 1638 queued, 'add' 'module'
Mar 13 19:47:28 localhost udevd[174]: passed 142 bytes to netlink monitor 0xcb35c0
Mar 13 19:47:28 localhost udevd[174]: seq 1639 queued, 'add' 'class'
Mar 13 19:47:28 localhost udevd[260]: seq 1638 running
Mar 13 19:47:28 localhost udevd[261]: seq 1639 running
Mar 13 19:47:28 localhost udevd[260]: device 0xcb3750 has devpath '/module/cfg80211'
Mar 13 19:47:28 localhost udevd[261]: device 0xcb3c10 has devpath '/class/ieee80211'
Mar 13 19:47:28 localhost udevd[261]: no db file to read /run/udev/data/+subsystem:ieee80211: No such file or directory
Mar 13 19:47:28 localhost udevd[260]: no db file to read /run/udev/data/+module:cfg80211: No such file or directory
Mar 13 19:47:28 localhost udevd[261]: passed -1 bytes to netlink monitor 0xcd0790
Mar 13 19:47:28 localhost udevd[260]: passed -1 bytes to netlink monitor 0xcdb0c0
Mar 13 19:47:28 localhost udevd[261]: seq 1639 processed with 0
Mar 13 19:47:28 localhost udevd[260]: seq 1638 processed with 0
Mar 13 19:47:28 localhost udevd[174]: passed 141 bytes to netlink monitor 0xcb35c0
Mar 13 19:47:28 localhost udevd[174]: seq 1639 done with 0
Mar 13 19:47:28 localhost udevd[174]: seq 1638 done with 0
Mar 13 19:47:28 localhost udevd[174]: seq 1640 queued, 'add' 'platform'
Mar 13 19:47:28 localhost udevd[174]: passed 187 bytes to netlink monitor 0xcb35c0
Mar 13 19:47:28 localhost udevd[174]: seq 1641 queued, 'change' 'platform'
Mar 13 19:47:28 localhost udevd[260]: seq 1640 running
Mar 13 19:47:28 localhost udevd[260]: device 0xcb5010 has devpath '/devices/platform/regulatory.0'
Mar 13 19:47:28 localhost udevd[260]: no db file to read /run/udev/data/+platform:regulatory.0: No such file or directory
Mar 13 19:47:28 localhost udevd[260]: device 0xcb5210 has devpath '/devices/platform'
Mar 13 19:47:28 localhost udevd[260]: IMPORT builtin 'kmod' /lib/udev/rules.d/80-drivers.rules:5
Mar 13 19:47:28 localhost udevd[260]: execute 'load' 'platform:regulatory'
Mar 13 19:47:28 localhost udevd[260]: no module matches 'platform:regulatory'
Mar 13 19:47:28 localhost udevd[260]: passed -1 bytes to netlink monitor 0xcdb0c0
Mar 13 19:47:28 localhost udevd[260]: seq 1640 processed with 0
Mar 13 19:47:28 localhost udevd[174]: seq 1640 done with 0
Mar 13 19:47:28 localhost udevd[174]: passed 201 bytes to netlink monitor 0xcb35c0
Mar 13 19:47:28 localhost udevd[260]: seq 1641 running
Mar 13 19:47:28 localhost udevd[260]: device 0xcb3710 has devpath '/devices/platform/regulatory.0'
Mar 13 19:47:28 localhost udevd[260]: no db file to read /run/udev/data/+platform:regulatory.0: No such file or directory
Mar 13 19:47:28 localhost udevd[260]: IMPORT builtin 'kmod' /lib/udev/rules.d/80-drivers.rules:5
Mar 13 19:47:28 localhost udevd[260]: execute 'load' 'platform:regulatory'
Mar 13 19:47:28 localhost udevd[260]: no module matches 'platform:regulatory'
Mar 13 19:47:28 localhost udevd[260]: passed -1 bytes to netlink monitor 0xcdb0c0
Mar 13 19:47:28 localhost udevd[260]: seq 1641 processed with 0
Mar 13 19:47:28 localhost udevd[174]: seq 1641 done with 0
Mar 13 19:47:28 localhost kernel: [ 71.486736] cfg80211: Calling CRDA to update world regulatory domain
Mar 13 19:47:28 localhost udevd[174]: seq 1642 queued, 'add' 'module'
Mar 13 19:47:28 localhost udevd[174]: passed 142 bytes to netlink monitor 0xcb35c0
Mar 13 19:47:28 localhost udevd[260]: seq 1642 running
Mar 13 19:47:28 localhost udevd[260]: device 0xcb3710 has devpath '/module/mac80211'
Mar 13 19:47:28 localhost udevd[260]: no db file to read /run/udev/data/+module:mac80211: No such file or directory
Mar 13 19:47:28 localhost udevd[260]: passed -1 bytes to netlink monitor 0xcdb0c0
Mar 13 19:47:28 localhost udevd[260]: seq 1642 processed with 0
Mar 13 19:47:28 localhost udevd[174]: seq 1642 done with 0
Mar 13 19:47:28 localhost udevd[174]: seq 1643 queued, 'add' 'module'
Mar 13 19:47:28 localhost udevd[174]: passed 142 bytes to netlink monitor 0xcb35c0
Mar 13 19:47:28 localhost udevd[260]: seq 1643 running
Mar 13 19:47:28 localhost udevd[260]: device 0xcb3710 has devpath '/module/brcmutil'
Mar 13 19:47:28 localhost udevd[260]: no db file to read /run/udev/data/+module:brcmutil: No such file or directory
Mar 13 19:47:28 localhost udevd[260]: passed -1 bytes to netlink monitor 0xcdb0c0
Mar 13 19:47:28 localhost udevd[260]: seq 1643 processed with 0
Mar 13 19:47:28 localhost udevd[174]: seq 1643 done with 0
Mar 13 19:47:28 localhost udevd[174]: seq 1644 queued, 'add' 'module'
Mar 13 19:47:28 localhost udevd[174]: passed 138 bytes to netlink monitor 0xcb35c0
Mar 13 19:47:28 localhost udevd[260]: seq 1644 running
Mar 13 19:47:28 localhost udevd[260]: device 0xcb5430 has devpath '/module/crc8'
Mar 13 19:47:28 localhost udevd[260]: no db file to read /run/udev/data/+module:crc8: No such file or directory
Mar 13 19:47:28 localhost udevd[260]: passed -1 bytes to netlink monitor 0xcdb0c0
Mar 13 19:47:28 localhost udevd[260]: seq 1644 processed with 0
Mar 13 19:47:28 localhost udevd[174]: seq 1644 done with 0
Mar 13 19:47:28 localhost udevd[174]: seq 1645 queued, 'add' 'module'
Mar 13 19:47:28 localhost udevd[174]: passed 140 bytes to netlink monitor 0xcb35c0
Mar 13 19:47:28 localhost udevd[260]: seq 1645 running
Mar 13 19:47:28 localhost udevd[260]: device 0xcb57a0 has devpath '/module/cordic'
Mar 13 19:47:28 localhost udevd[260]: no db file to read /run/udev/data/+module:cordic: No such file or directory
Mar 13 19:47:28 localhost udevd[260]: passed -1 bytes to netlink monitor 0xcdb0c0
Mar 13 19:47:28 localhost udevd[260]: seq 1645 processed with 0
Mar 13 19:47:28 localhost udevd[174]: seq 1645 done with 0
Mar 13 19:47:28 localhost udevd[174]: seq 1646 queued, 'add' 'module'
Mar 13 19:47:28 localhost udevd[174]: passed 142 bytes to netlink monitor 0xcb35c0
Mar 13 19:47:28 localhost udevd[260]: seq 1646 running
Mar 13 19:47:28 localhost udevd[260]: device 0xcb5430 has devpath '/module/brcmsmac'
Mar 13 19:47:28 localhost udevd[260]: no db file to read /run/udev/data/+module:brcmsmac: No such file or directory
Mar 13 19:47:28 localhost udevd[260]: passed -1 bytes to netlink monitor 0xcdb0c0
Mar 13 19:47:28 localhost udevd[260]: seq 1646 processed with 0
Mar 13 19:47:28 localhost udevd[174]: seq 1646 done with 0
Mar 13 19:47:28 localhost udevd[174]: seq 1647 queued, 'add' 'firmware'
Mar 13 19:47:28 localhost udevd[174]: passed 241 bytes to netlink monitor 0xcb35c0
Mar 13 19:47:28 localhost udevd[260]: seq 1647 running
Mar 13 19:47:28 localhost udevd[260]: device 0xcb5430 has devpath '/devices/pci0000:00/0000:00:05.0/0000:08:00.0/firmware/0000:08:00.0'
Mar 13 19:47:28 localhost udevd[260]: no db file to read /run/udev/data/+firmware:0000:08:00.0: No such file or directory
Mar 13 19:47:28 localhost udevd[260]: IMPORT builtin 'firmware' /lib/udev/rules.d/50-udev-default.rules:107
Mar 13 19:47:28 localhost udevd[260]: writing '/lib/firmware/brcm/bcm43xx-0.fw' (97344) to '/sys/devices/pci0000:00/0000:00:05.0/0000:08:00.0/firmware/0000:08:00.0/data'
Mar 13 19:47:28 localhost kernel: [ 71.507745] brcmsmac 0000:08:00.0: bus 8 slot 0 func 0 irq 5
Mar 13 19:47:28 localhost kernel: [ 71.507765] brcmsmac 0000:08:00.0: PCI INT A -> GSI 17 (level, low) -> IRQ 17
Mar 13 19:47:28 localhost udevd[260]: device 0xcb5010 has devpath '/devices/pci0000:00/0000:00:05.0/0000:08:00.0'
Mar 13 19:47:28 localhost udevd[260]: device 0xcc3290 has devpath '/devices/pci0000:00/0000:00:05.0'
Mar 13 19:47:28 localhost udevd[260]: device 0xcc3860 has devpath '/devices/pci0000:00'
Mar 13 19:47:28 localhost udevd[174]: seq 1648 queued, 'remove' 'firmware'
Mar 13 19:47:28 localhost udevd[260]: passed -1 bytes to netlink monitor 0xcdb0c0
Mar 13 19:47:28 localhost udevd[260]: seq 1647 processed with 0
Mar 13 19:47:28 localhost udevd[174]: seq 1647 done with 0
Mar 13 19:47:28 localhost udevd[174]: passed 244 bytes to netlink monitor 0xcb35c0
Mar 13 19:47:28 localhost udevd[174]: seq 1649 queued, 'add' 'firmware'
Mar 13 19:47:28 localhost udevd[260]: seq 1648 running
Mar 13 19:47:28 localhost udevd[260]: no db file to read /run/udev/data/+firmware:0000:08:00.0: No such file or directory
Mar 13 19:47:28 localhost udevd[260]: passed -1 bytes to netlink monitor 0xcdb0c0
Mar 13 19:47:28 localhost udevd[260]: seq 1648 processed with 0
Mar 13 19:47:28 localhost udevd[174]: seq 1648 done with 0
Mar 13 19:47:28 localhost udevd[174]: passed 245 bytes to netlink monitor 0xcb35c0
Mar 13 19:47:28 localhost udevd[260]: seq 1649 running
Mar 13 19:47:28 localhost udevd[260]: device 0xcb5430 has devpath '/devices/pci0000:00/0000:00:05.0/0000:08:00.0/firmware/0000:08:00.0'
Mar 13 19:47:28 localhost udevd[260]: no db file to read /run/udev/data/+firmware:0000:08:00.0: No such file or directory
Mar 13 19:47:28 localhost udevd[260]: IMPORT builtin 'firmware' /lib/udev/rules.d/50-udev-default.rules:107
Mar 13 19:47:28 localhost udevd[260]: writing '/lib/firmware/brcm/bcm43xx_hdr-0.fw' (180) to '/sys/devices/pci0000:00/0000:00:05.0/0000:08:00.0/firmware/0000:08:00.0/data'
Mar 13 19:47:28 localhost udevd[260]: device 0xcb5010 has devpath '/devices/pci0000:00/0000:00:05.0/0000:08:00.0'
Mar 13 19:47:28 localhost udevd[260]: device 0xcc40d0 has devpath '/devices/pci0000:00/0000:00:05.0'
Mar 13 19:47:28 localhost udevd[260]: device 0xcc45f0 has devpath '/devices/pci0000:00'
Mar 13 19:47:28 localhost udevd[174]: seq 1650 queued, 'remove' 'firmware'
Mar 13 19:47:28 localhost udevd[260]: passed -1 bytes to netlink monitor 0xcdb0c0
Mar 13 19:47:28 localhost udevd[260]: seq 1649 processed with 0
Mar 13 19:47:28 localhost udevd[174]: seq 1649 done with 0
Mar 13 19:47:28 localhost udevd[174]: passed 248 bytes to netlink monitor 0xcb35c0
Mar 13 19:47:28 localhost udevd[260]: seq 1650 running
Mar 13 19:47:28 localhost udevd[260]: no db file to read /run/udev/data/+firmware:0000:08:00.0: No such file or directory
Mar 13 19:47:28 localhost udevd[260]: passed -1 bytes to netlink monitor 0xcdb0c0
Mar 13 19:47:28 localhost udevd[260]: seq 1650 processed with 0
Mar 13 19:47:28 localhost udevd[174]: seq 1650 done with 0
Mar 13 19:47:28 localhost udevd[174]: seq 1651 queued, 'add' 'ieee80211'
Mar 13 19:47:28 localhost udevd[174]: passed 189 bytes to netlink monitor 0xcb35c0
Mar 13 19:47:28 localhost udevd[174]: seq 1652 queued, 'add' 'rfkill'
Mar 13 19:47:28 localhost udevd[174]: seq 1653 queued, 'change' 'rfkill'
Mar 13 19:47:28 localhost udevd[260]: seq 1651 running
Mar 13 19:47:28 localhost udevd[260]: device 0xcb5430 has devpath '/devices/pci0000:00/0000:00:05.0/0000:08:00.0/ieee80211/phy0'
Mar 13 19:47:28 localhost udevd[260]: no db file to read /run/udev/data/+ieee80211:phy0: No such file or directory
Mar 13 19:47:28 localhost udevd[260]: device 0xcc2fc0 has devpath '/devices/pci0000:00/0000:00:05.0/0000:08:00.0'
Mar 13 19:47:28 localhost udevd[260]: device 0xcc3e00 has devpath '/devices/pci0000:00/0000:00:05.0'
Mar 13 19:47:28 localhost udevd[260]: device 0xcc4330 has devpath '/devices/pci0000:00'
Mar 13 19:47:28 localhost udevd[260]: passed -1 bytes to netlink monitor 0xcdb0c0
Mar 13 19:47:28 localhost udevd[260]: seq 1651 processed with 0
Mar 13 19:47:28 localhost udevd[174]: seq 1651 done with 0
Mar 13 19:47:28 localhost udevd[174]: passed 243 bytes to netlink monitor 0xcb35c0
Mar 13 19:47:28 localhost udevd[260]: seq 1652 running
Mar 13 19:47:28 localhost udevd[260]: device 0xcc2fc0 has devpath '/devices/pci0000:00/0000:00:05.0/0000:08:00.0/ieee80211/phy0/rfkill1'
Mar 13 19:47:28 localhost udevd[260]: no db file to read /run/udev/data/+rfkill:rfkill1: No such file or directory
Mar 13 19:47:28 localhost udevd[260]: device 0xcc5440 has devpath '/devices/pci0000:00/0000:00:05.0/0000:08:00.0/ieee80211/phy0'
Mar 13 19:47:28 localhost udevd[260]: device 0xcb5010 has devpath '/devices/pci0000:00/0000:00:05.0/0000:08:00.0'
Mar 13 19:47:28 localhost udevd[260]: device 0xcc3e80 has devpath '/devices/pci0000:00/0000:00:05.0'
Mar 13 19:47:28 localhost udevd[260]: device 0xcc3450 has devpath '/devices/pci0000:00'
Mar 13 19:47:28 localhost udevd[260]: passed -1 bytes to netlink monitor 0xcdb0c0
Mar 13 19:47:28 localhost udevd[260]: seq 1652 processed with 0
Mar 13 19:47:28 localhost udevd[174]: seq 1652 done with 0
Mar 13 19:47:28 localhost udevd[260]: seq 1653 running
Mar 13 19:47:28 localhost udevd[260]: device 0xcc5440 has devpath '/devices/pci0000:00/0000:00:05.0/0000:08:00.0/ieee80211/phy0/rfkill1'
Mar 13 19:47:28 localhost udevd[260]: no db file to read /run/udev/data/+rfkill:rfkill1: No such file or directory
Mar 13 19:47:28 localhost udevd[260]: passed -1 bytes to netlink monitor 0xcdb0c0
Mar 13 19:47:28 localhost udevd[260]: seq 1653 processed with 0
Mar 13 19:47:28 localhost udevd[174]: passed 246 bytes to netlink monitor 0xcb35c0
Mar 13 19:47:28 localhost udevd[174]: seq 1653 done with 0
Mar 13 19:47:28 localhost NetworkManager[640]: found WiFi radio killswitch rfkill1 (at /sys/devices/pci0000:00/0000:00:05.0/0000:08:00.0/ieee80211/phy0/rfkill1) (driver (unknown))
Mar 13 19:47:28 localhost udevd[174]: seq 1654 queued, 'add' 'module'
Mar 13 19:47:28 localhost udevd[174]: passed 138 bytes to netlink monitor 0xcb35c0
Mar 13 19:47:28 localhost udevd[260]: seq 1654 running
Mar 13 19:47:28 localhost udevd[260]: device 0xcc2fc0 has devpath '/module/arc4'
Mar 13 19:47:28 localhost udevd[260]: no db file to read /run/udev/data/+module:arc4: No such file or directory
Mar 13 19:47:28 localhost udevd[260]: passed -1 bytes to netlink monitor 0xcdb0c0
Mar 13 19:47:28 localhost udevd[260]: seq 1654 processed with 0
Mar 13 19:47:28 localhost udevd[174]: seq 1654 done with 0
Mar 13 19:47:28 localhost udevd[174]: seq 1655 queued, 'add' 'net'
Mar 13 19:47:28 localhost udevd[260]: seq 1655 running
Mar 13 19:47:28 localhost udevd[260]: device 0xcc5440 has devpath '/devices/pci0000:00/0000:00:05.0/0000:08:00.0/net/wlan0'
Mar 13 19:47:28 localhost udevd[260]: no db file to read /run/udev/data/n3: No such file or directory
Mar 13 19:47:28 localhost udevd[260]: device 0xcb3c30 has devpath '/devices/pci0000:00/0000:00:05.0/0000:08:00.0'
Mar 13 19:47:28 localhost udevd[260]: device 0xcc39f0 has devpath '/devices/pci0000:00/0000:00:05.0'
Mar 13 19:47:28 localhost udevd[260]: device 0xcc3650 has devpath '/devices/pci0000:00'
Mar 13 19:47:28 localhost udevd[260]: IMPORT builtin 'pci-db' /lib/udev/rules.d/75-net-description.rules:11
Mar 13 19:47:28 localhost udevd[174]: passed 217 bytes to netlink monitor 0xcb35c0
Mar 13 19:47:28 localhost udevd[174]: seq 1656 queued, 'add' 'queues'
Mar 13 19:47:28 localhost udevd[174]: seq 1657 queued, 'add' 'queues'
Mar 13 19:47:28 localhost udevd[174]: seq 1658 queued, 'add' 'queues'
Mar 13 19:47:28 localhost udevd[174]: seq 1659 queued, 'add' 'queues'
Mar 13 19:47:28 localhost udevd[174]: seq 1660 queued, 'add' 'queues'
Mar 13 19:47:28 localhost udevd[174]: seq 1661 queued, 'add' 'drivers'
Mar 13 19:47:28 localhost udevd[174]: passed 152 bytes to netlink monitor 0xcb35c0
Mar 13 19:47:28 localhost udevd[261]: seq 1661 running
Mar 13 19:47:28 localhost udevd[261]: device 0xcb3c10 has devpath '/bus/pci/drivers/brcmsmac'
Mar 13 19:47:28 localhost udevd[261]: no db file to read /run/udev/data/+drivers:brcmsmac: No such file or directory
Mar 13 19:47:28 localhost udevd[261]: device 0xcb5010 has devpath '/bus/pci/drivers'
Mar 13 19:47:28 localhost udevd[261]: device 0xcb5500 has devpath '/bus/pci'
Mar 13 19:47:28 localhost udevd[261]: passed -1 bytes to netlink monitor 0xcd0790
Mar 13 19:47:28 localhost udevd[261]: seq 1661 processed with 0
Mar 13 19:47:28 localhost udevd[174]: seq 1661 done with 0
Mar 13 19:47:28 localhost udevd[260]: ID_VENDOR_FROM_DATABASE=Broadcom Corporation
Mar 13 19:47:28 localhost udevd[260]: ID_MODEL_FROM_DATABASE=BCM43225 802.11b/g/n
Mar 13 19:47:28 localhost udevd[260]: device 0xcc45f0 has devpath '/devices/pci0000:00/0000:00:05.0/0000:08:00.0'
Mar 13 19:47:28 localhost udevd[260]: created db file '/run/udev/data/n3' for '/devices/pci0000:00/0000:00:05.0/0000:08:00.0/net/wlan0'
Mar 13 19:47:28 localhost udevd[260]: passed -1 bytes to netlink monitor 0xcdb0c0
Mar 13 19:47:28 localhost udevd[260]: seq 1655 processed with 0
Mar 13 19:47:28 localhost udevd[174]: seq 1655 done with 0
Mar 13 19:47:28 localhost udevd[174]: passed 193 bytes to netlink monitor 0xcb35c0
Mar 13 19:47:28 localhost udevd[174]: passed 193 bytes to netlink monitor 0xcb35c0
Mar 13 19:47:28 localhost udevd[260]: seq 1656 running
Mar 13 19:47:28 localhost udevd[261]: seq 1657 running
Mar 13 19:47:28 localhost udevd[174]: seq 1658 forked new worker [763]
Mar 13 19:47:28 localhost udevd[260]: device 0xcc2fc0 has devpath '/devices/pci0000:00/0000:00:05.0/0000:08:00.0/net/wlan0'
Mar 13 19:47:28 localhost udevd[261]: device 0xcd01c0 has devpath '/devices/pci0000:00/0000:00:05.0/0000:08:00.0/net/wlan0'
Mar 13 19:47:28 localhost udevd[260]: device 0xcc5440 has devpath '/devices/pci0000:00/0000:00:05.0/0000:08:00.0'
Mar 13 19:47:28 localhost udevd[261]: device 0xcb3c10 has devpath '/devices/pci0000:00/0000:00:05.0/0000:08:00.0'
Mar 13 19:47:28 localhost udevd[174]: seq 1659 forked new worker [764]
Mar 13 19:47:28 localhost udevd[261]: device 0xcb5010 has devpath '/devices/pci0000:00/0000:00:05.0'
Mar 13 19:47:28 localhost udevd[261]: device 0xcc2fc0 has devpath '/devices/pci0000:00'
Mar 13 19:47:28 localhost udevd[174]: seq 1660 forked new worker [765]
Mar 13 19:47:28 localhost udevd[260]: device 0xcc3440 has devpath '/devices/pci0000:00/0000:00:05.0'
Mar 13 19:47:28 localhost udevd[764]: seq 1659 running
Mar 13 19:47:28 localhost udevd[260]: device 0xcc3890 has devpath '/devices/pci0000:00'
Mar 13 19:47:28 localhost udevd[260]: passed -1 bytes to netlink monitor 0xcdb0c0
Mar 13 19:47:28 localhost udevd[260]: seq 1656 processed with 0
Mar 13 19:47:28 localhost udevd[261]: passed -1 bytes to netlink monitor 0xcd0790
Mar 13 19:47:28 localhost udevd[261]: seq 1657 processed with 0
Mar 13 19:47:28 localhost udevd[764]: device 0xcc5440 has devpath '/devices/pci0000:00/0000:00:05.0/0000:08:00.0/net/wlan0'
Mar 13 19:47:28 localhost udevd[764]: device 0xcb35c0 has devpath '/devices/pci0000:00/0000:00:05.0/0000:08:00.0'
Mar 13 19:47:28 localhost udevd[765]: seq 1660 running
Mar 13 19:47:28 localhost udevd[764]: device 0xcb5320 has devpath '/devices/pci0000:00/0000:00:05.0'
Mar 13 19:47:28 localhost udevd[174]: seq 1656 done with 0
Mar 13 19:47:28 localhost udevd[174]: seq 1657 done with 0
Mar 13 19:47:28 localhost udevd[765]: device 0xcc5440 has devpath '/devices/pci0000:00/0000:00:05.0/0000:08:00.0/net/wlan0'
Mar 13 19:47:28 localhost udevd[764]: device 0xcb5850 has devpath '/devices/pci0000:00'
Mar 13 19:47:28 localhost udevd[765]: device 0xcb5010 has devpath '/devices/pci0000:00/0000:00:05.0/0000:08:00.0'
Mar 13 19:47:28 localhost udevd[763]: seq 1658 running
Mar 13 19:47:28 localhost udevd[765]: device 0xcb5560 has devpath '/devices/pci0000:00/0000:00:05.0'
Mar 13 19:47:28 localhost udevd[764]: passed -1 bytes to netlink monitor 0xcb62b0
Mar 13 19:47:28 localhost udevd[765]: device 0xcb6190 has devpath '/devices/pci0000:00'
Mar 13 19:47:28 localhost udevd[764]: seq 1659 processed with 0
Mar 13 19:47:28 localhost udevd[174]: seq 1659 done with 0
Mar 13 19:47:28 localhost udevd[765]: passed -1 bytes to netlink monitor 0xcb3c10
Mar 13 19:47:28 localhost udevd[765]: seq 1660 processed with 0
Mar 13 19:47:28 localhost udevd[763]: device 0xcc5440 has devpath '/devices/pci0000:00/0000:00:05.0/0000:08:00.0/net/wlan0'
Mar 13 19:47:28 localhost udevd[174]: seq 1660 done with 0
Mar 13 19:47:28 localhost udevd[763]: device 0xcb35c0 has devpath '/devices/pci0000:00/0000:00:05.0/0000:08:00.0'
Mar 13 19:47:28 localhost udevd[763]: device 0xcb5320 has devpath '/devices/pci0000:00/0000:00:05.0'
Mar 13 19:47:28 localhost udevd[763]: device 0xcb65a0 has devpath '/devices/pci0000:00'
Mar 13 19:47:28 localhost udevd[763]: passed -1 bytes to netlink monitor 0xcb6190
Mar 13 19:47:28 localhost udevd[763]: seq 1658 processed with 0
Mar 13 19:47:28 localhost udevd[174]: seq 1658 done with 0
Mar 13 19:47:28 localhost NetworkManager[640]: (wlan0): driver supports SSID scans (scan_capa 0x01).
Mar 13 19:47:28 localhost NetworkManager[640]: (wlan0): new 802.11 WiFi device (driver: 'brcmsmac' ifindex: 3)
Mar 13 19:47:28 localhost NetworkManager[640]: (wlan0): exported as /org/freedesktop/NetworkManager/Devices/1
Mar 13 19:47:28 localhost NetworkManager[640]: (wlan0): now managed
Mar 13 19:47:28 localhost NetworkManager[640]: (wlan0): device state change: unmanaged -> unavailable (reason 'managed') [10 20 2]
Mar 13 19:47:28 localhost NetworkManager[640]: (wlan0): bringing up device.
Mar 13 19:47:28 localhost NetworkManager[640]: (wlan0): preparing device.
Mar 13 19:47:28 localhost NetworkManager[640]: (wlan0): deactivating device (reason 'managed') [2]
Mar 13 19:47:28 localhost kernel: [ 71.551559] ADDRCONF(NETDEV_UP): wlan0: link is not ready
Mar 13 19:47:28 localhost dbus[490]: [system] Activating service name='fi.w1.wpa_supplicant1' (using servicehelper)
Mar 13 19:47:28 localhost dbus[490]: [system] Successfully activated service 'fi.w1.wpa_supplicant1'
Mar 13 19:47:28 localhost NetworkManager[640]: wpa_supplicant started
Mar 13 19:47:28 localhost NetworkManager[640]: (wlan0): supplicant interface state: starting -> ready
Mar 13 19:47:28 localhost NetworkManager[640]: (wlan0): device state change: unavailable -> disconnected (reason 'supplicant-available') [20 30 42]
Mar 13 19:47:28 localhost NetworkManager[640]: (wlan0): supplicant interface state: ready -> inactive
Mar 13 19:47:30 localhost NetworkManager[640]: Auto-activating connection 'welovethelord'.
Mar 13 19:47:30 localhost NetworkManager[640]: Activation (wlan0) starting connection 'welovethelord'
Mar 13 19:47:30 localhost NetworkManager[640]: (wlan0): device state change: disconnected -> prepare (reason 'none') [30 40 0]
Mar 13 19:47:30 localhost NetworkManager[640]: Activation (wlan0) Stage 1 of 5 (Device Prepare) scheduled...
Mar 13 19:47:30 localhost NetworkManager[640]: Activation (wlan0) Stage 1 of 5 (Device Prepare) started...
Mar 13 19:47:30 localhost NetworkManager[640]: Activation (wlan0) Stage 2 of 5 (Device Configure) scheduled...
Mar 13 19:47:30 localhost NetworkManager[640]: Activation (wlan0) Stage 1 of 5 (Device Prepare) complete.
Mar 13 19:47:30 localhost NetworkManager[640]: Activation (wlan0) Stage 2 of 5 (Device Configure) starting...
Mar 13 19:47:30 localhost NetworkManager[640]: (wlan0): device state change: prepare -> config (reason 'none') [40 50 0]
Mar 13 19:47:30 localhost NetworkManager[640]: Activation (wlan0/wireless): connection 'welovethelord' has security, and secrets exist. No new secrets needed.
Mar 13 19:47:30 localhost NetworkManager[640]: Config: added 'ssid' value 'welovethelord'
Mar 13 19:47:30 localhost NetworkManager[640]: Config: added 'scan_ssid' value '1'
Mar 13 19:47:30 localhost NetworkManager[640]: Config: added 'key_mgmt' value 'WPA-PSK'
Mar 13 19:47:30 localhost NetworkManager[640]: Config: added 'psk' value ''
Mar 13 19:47:30 localhost NetworkManager[640]: Activation (wlan0) Stage 2 of 5 (Device Configure) complete.
Mar 13 19:47:30 localhost NetworkManager[640]: Config: set interface ap_scan to 1
Mar 13 19:47:30 localhost NetworkManager[640]: (wlan0): supplicant interface state: inactive -> scanning
Mar 13 19:47:31 localhost NetworkManager[640]: (wlan0): supplicant interface state: scanning -> associating
Mar 13 19:47:31 localhost kernel: [ 74.211837] ADDRCONF(NETDEV_CHANGE): wlan0: link becomes ready
Mar 13 19:47:31 localhost NetworkManager[640]: (wlan0): supplicant interface state: associating -> associated
Mar 13 19:47:31 localhost udevd[174]: cleanup idle workers
Mar 13 19:47:31 localhost udevd[174]: validate module index
Mar 13 19:47:31 localhost udevd[260]: unload module index
Mar 13 19:47:31 localhost udevd[763]: unload module index
Mar 13 19:47:31 localhost udevd[261]: unload module index
Mar 13 19:47:31 localhost udevd[174]: worker [260] exit
Mar 13 19:47:31 localhost udevd[174]: worker [260] cleaned up
Mar 13 19:47:31 localhost udevd[174]: worker [261] exit
Mar 13 19:47:31 localhost udevd[174]: worker [261] cleaned up
Mar 13 19:47:31 localhost udevd[174]: worker [763] exit
Mar 13 19:47:31 localhost udevd[174]: worker [763] cleaned up
Mar 13 19:47:32 localhost udevd[174]: seq 1662 queued, 'add' 'module'
Mar 13 19:47:32 localhost udevd[174]: passed 145 bytes to netlink monitor 0xcb35c0
Mar 13 19:47:32 localhost udevd[764]: seq 1662 running
Mar 13 19:47:32 localhost udevd[764]: device 0xcc5440 has devpath '/module/aes_generic'
Mar 13 19:47:32 localhost udevd[764]: no db file to read /run/udev/data/+module:aes_generic: No such file or directory
Mar 13 19:47:32 localhost udevd[764]: passed -1 bytes to netlink monitor 0xcb62b0
Mar 13 19:47:32 localhost udevd[764]: seq 1662 processed with 0
Mar 13 19:47:32 localhost udevd[174]: seq 1662 done with 0
Mar 13 19:47:32 localhost udevd[174]: seq 1663 queued, 'add' 'module'
Mar 13 19:47:32 localhost udevd[174]: passed 145 bytes to netlink monitor 0xcb35c0
Mar 13 19:47:32 localhost udevd[764]: seq 1663 running
Mar 13 19:47:32 localhost udevd[764]: device 0xcb3c10 has devpath '/module/padlock_aes'
Mar 13 19:47:32 localhost udevd[764]: no db file to read /run/udev/data/+module:padlock_aes: No such file or directory
Mar 13 19:47:32 localhost udevd[764]: passed -1 bytes to netlink monitor 0xcb62b0
Mar 13 19:47:32 localhost udevd[764]: seq 1663 processed with 0
Mar 13 19:47:32 localhost udevd[174]: seq 1663 done with 0
Mar 13 19:47:32 localhost udevd[174]: seq 1664 queued, 'remove' 'module'
Mar 13 19:47:32 localhost udevd[174]: passed 148 bytes to netlink monitor 0xcb35c0
Mar 13 19:47:32 localhost udevd[764]: seq 1664 running
Mar 13 19:47:32 localhost udevd[764]: no db file to read /run/udev/data/+module:padlock_aes: No such file or directory
Mar 13 19:47:32 localhost udevd[764]: passed -1 bytes to netlink monitor 0xcb62b0
Mar 13 19:47:32 localhost udevd[764]: seq 1664 processed with 0
Mar 13 19:47:32 localhost udevd[174]: seq 1664 done with 0
Mar 13 19:47:32 localhost udevd[174]: seq 1665 queued, 'add' 'module'
Mar 13 19:47:32 localhost udevd[174]: passed 140 bytes to netlink monitor 0xcb35c0
Mar 13 19:47:32 localhost udevd[764]: seq 1665 running
Mar 13 19:47:32 localhost udevd[764]: device 0xcb3c10 has devpath '/module/cryptd'
Mar 13 19:47:32 localhost udevd[764]: no db file to read /run/udev/data/+module:cryptd: No such file or directory
Mar 13 19:47:32 localhost udevd[764]: passed -1 bytes to netlink monitor 0xcb62b0
Mar 13 19:47:32 localhost udevd[764]: seq 1665 processed with 0
Mar 13 19:47:32 localhost udevd[174]: seq 1665 done with 0
Mar 13 19:47:32 localhost udevd[174]: seq 1666 queued, 'add' 'module'
Mar 13 19:47:32 localhost udevd[174]: passed 144 bytes to netlink monitor 0xcb35c0
Mar 13 19:47:32 localhost udevd[764]: seq 1666 running
Mar 13 19:47:32 localhost udevd[764]: device 0xcb3c10 has devpath '/module/aes_x86_64'
Mar 13 19:47:32 localhost udevd[764]: no db file to read /run/udev/data/+module:aes_x86_64: No such file or directory
Mar 13 19:47:32 localhost udevd[764]: passed -1 bytes to netlink monitor 0xcb62b0
Mar 13 19:47:32 localhost udevd[764]: seq 1666 processed with 0
Mar 13 19:47:32 localhost udevd[174]: seq 1666 done with 0
Mar 13 19:47:32 localhost udevd[174]: seq 1667 queued, 'add' 'module'
Mar 13 19:47:32 localhost udevd[174]: passed 145 bytes to netlink monitor 0xcb35c0
Mar 13 19:47:32 localhost udevd[764]: seq 1667 running
Mar 13 19:47:32 localhost udevd[764]: device 0xcb3c10 has devpath '/module/aesni_intel'
Mar 13 19:47:32 localhost udevd[764]: no db file to read /run/udev/data/+module:aesni_intel: No such file or directory
Mar 13 19:47:32 localhost udevd[764]: passed -1 bytes to netlink monitor 0xcb62b0
Mar 13 19:47:32 localhost udevd[764]: seq 1667 processed with 0
Mar 13 19:47:32 localhost udevd[174]: seq 1667 done with 0
Mar 13 19:47:32 localhost kernel: [ 75.188289] Intel AES-NI instructions are not detected.
Mar 13 19:47:32 localhost udevd[174]: seq 1668 queued, 'remove' 'module'
Mar 13 19:47:32 localhost udevd[174]: passed 148 bytes to netlink monitor 0xcb35c0
Mar 13 19:47:32 localhost udevd[764]: seq 1668 running
Mar 13 19:47:32 localhost udevd[764]: no db file to read /run/udev/data/+module:aesni_intel: No such file or directory
Mar 13 19:47:32 localhost udevd[764]: passed -1 bytes to netlink monitor 0xcb62b0
Mar 13 19:47:32 localhost udevd[764]: seq 1668 processed with 0
Mar 13 19:47:32 localhost udevd[174]: seq 1668 done with 0