Jan 14 14:15:51 localhost udevd[242]: no db file to read /run/udev/data/c7:54: No such file or directory
Jan 14 14:15:51 localhost [ 7.202779] udevd[237]: starting version 177
Jan 14 14:15:51 localhost udevd[240]: passed -1 bytes to netlink monitor 0x16d0560
Jan 14 14:15:51 localhost udevd[243]: seq 1835 running
Jan 14 14:15:51 localhost udevd[242]: GROUP 5 /lib/udev/rules.d/50-udev-default.rules:8
Jan 14 14:15:51 localhost udevd[237]: seq 1836 queued, 'add' 'vc'
Jan 14 14:15:51 localhost udevd[244]: seq 1836 running
Jan 14 14:15:51 localhost udevd[243]: device 0x16c85c0 has devpath '/devices/virtual/vc/vcsa54'
Jan 14 14:15:51 localhost udevd[242]: handling device node '/dev/vcs54', devnum=c7:54, mode=0660, uid=0, gid=5
Jan 14 14:15:51 localhost udevd[237]: passed 183 bytes to netlink monitor 0x16c8660
Jan 14 14:15:51 localhost udevd[240]: seq 1832 processed with 0
Jan 14 14:15:51 localhost udevd[244]: device 0x16ca5c0 has devpath '/devices/virtual/vc/vcs55'
Jan 14 14:15:51 localhost udevd[242]: set permissions /dev/vcs54, 020660, uid=0, gid=5
Jan 14 14:15:51 localhost udevd[242]: creating symlink '/dev/char/7:54' to '../vcs54'
Jan 14 14:15:51 localhost udevd[242]: created empty file '/run/udev/data/c7:54' for '/devices/virtual/vc/vcs54'
Jan 14 14:15:51 localhost udevd[242]: passed -1 bytes to netlink monitor 0x16d8e60
Jan 14 14:15:51 localhost udevd[242]: seq 1834 processed with 0
Jan 14 14:15:51 localhost udevd[237]: seq 1832 done with 0
Jan 14 14:15:51 localhost udevd[237]: seq 1834 done with 0
Jan 14 14:15:51 localhost udevd[237]: seq 1837 queued, 'add' 'vc'
Jan 14 14:15:51 localhost udevd[237]: passed 186 bytes to netlink monitor 0x16c8660
Jan 14 14:15:51 localhost udevd[237]: seq 1838 queued, 'add' 'vc'
Jan 14 14:15:51 localhost udevd[241]: seq 1833 running
Jan 14 14:15:51 localhost udevd[241]: device 0x16d0560 has devpath '/devices/virtual/vc/vcsa53'
Jan 14 14:15:51 localhost udevd[241]: no db file to read /run/udev/data/c7:181: No such file or directory
Jan 14 14:15:51 localhost udevd[241]: GROUP 5 /lib/udev/rules.d/50-udev-default.rules:8
Jan 14 14:15:51 localhost udevd[241]: handling device node '/dev/vcsa53', devnum=c7:181, mode=0660, uid=0, gid=5
Jan 14 14:15:51 localhost udevd[241]: set permissions /dev/vcsa53, 020660, uid=0, gid=5
Jan 14 14:15:51 localhost udevd[241]: creating symlink '/dev/char/7:181' to '../vcsa53'
Jan 14 14:15:51 localhost udevd[241]: created empty file '/run/udev/data/c7:181' for '/devices/virtual/vc/vcsa53'
Jan 14 14:15:51 localhost udevd[241]: passed -1 bytes to netlink monitor 0x16d10e0
Jan 14 14:15:51 localhost udevd[241]: seq 1833 processed with 0
Jan 14 14:15:51 localhost udevd[243]: no db file to read /run/udev/data/c7:182: No such file or directory
Jan 14 14:15:51 localhost udevd[243]: GROUP 5 /lib/udev/rules.d/50-udev-default.rules:8
Jan 14 14:15:51 localhost udevd[243]: handling device node '/dev/vcsa54', devnum=c7:182, mode=0660, uid=0, gid=5
Jan 14 14:15:51 localhost udevd[243]: set permissions /dev/vcsa54, 020660, uid=0, gid=5
Jan 14 14:15:51 localhost udevd[243]: creating symlink '/dev/char/7:182' to '../vcsa54'
Jan 14 14:15:51 localhost udevd[243]: created empty file '/run/udev/data/c7:182' for '/devices/virtual/vc/vcsa54'
Jan 14 14:15:51 localhost udevd[243]: passed -1 bytes to netlink monitor 0x16d8fc0
Jan 14 14:15:51 localhost udevd[243]: seq 1835 processed with 0
Jan 14 14:15:51 localhost udevd[242]: seq 1838 running
Jan 14 14:15:51 localhost udevd[242]: device 0x16c85c0 has devpath '/devices/virtual/vc/vcs56'
Jan 14 14:15:51 localhost udevd[242]: no db file to read /run/udev/data/c7:56: No such file or directory
Jan 14 14:15:51 localhost udevd[240]: seq 1837 running
Jan 14 14:15:51 localhost udevd[242]: GROUP 5 /lib/udev/rules.d/50-udev-default.rules:8
Jan 14 14:15:51 localhost udevd[240]: device 0x16c85c0 has devpath '/devices/virtual/vc/vcsa55'
Jan 14 14:15:51 localhost udevd[242]: handling device node '/dev/vcs56', devnum=c7:56, mode=0660, uid=0, gid=5
Jan 14 14:15:51 localhost udevd[242]: set permissions /dev/vcs56, 020660, uid=0, gid=5
Jan 14 14:15:51 localhost udevd[242]: creating symlink '/dev/char/7:56' to '../vcs56'
Jan 14 14:15:51 localhost udevd[244]: no db file to read /run/udev/data/c7:55: No such file or directory
Jan 14 14:15:51 localhost udevd[240]: no db file to read /run/udev/data/c7:183: No such file or directory
Jan 14 14:15:51 localhost udevd[242]: created empty file '/run/udev/data/c7:56' for '/devices/virtual/vc/vcs56'
Jan 14 14:15:51 localhost udevd[240]: GROUP 5 /lib/udev/rules.d/50-udev-default.rules:8
Jan 14 14:15:51 localhost udevd[240]: handling device node '/dev/vcsa55', devnum=c7:183, mode=0660, uid=0, gid=5
Jan 14 14:15:51 localhost udevd[240]: set permissions /dev/vcsa55, 020660, uid=0, gid=5
Jan 14 14:15:51 localhost udevd[242]: passed -1 bytes to netlink monitor 0x16d8e60
Jan 14 14:15:51 localhost udevd[244]: GROUP 5 /lib/udev/rules.d/50-udev-default.rules:8
Jan 14 14:15:51 localhost udevd[237]: passed 183 bytes to netlink monitor 0x16c8660
Jan 14 14:15:51 localhost udevd[240]: creating symlink '/dev/char/7:183' to '../vcsa55'
Jan 14 14:15:51 localhost udevd[242]: seq 1838 processed with 0
Jan 14 14:15:51 localhost udevd[240]: created empty file '/run/udev/data/c7:183' for '/devices/virtual/vc/vcsa55'
Jan 14 14:15:51 localhost udevd[237]: seq 1833 done with 0
Jan 14 14:15:51 localhost udevd[244]: handling device node '/dev/vcs55', devnum=c7:55, mode=0660, uid=0, gid=5
Jan 14 14:15:51 localhost udevd[237]: seq 1835 done with 0
Jan 14 14:15:51 localhost udevd[240]: passed -1 bytes to netlink monitor 0x16d0560
Jan 14 14:15:51 localhost udevd[240]: seq 1837 processed with 0
Jan 14 14:15:51 localhost udevd[237]: seq 1838 done with 0
Jan 14 14:15:51 localhost udevd[244]: set permissions /dev/vcs55, 020660, uid=0, gid=5
Jan 14 14:15:51 localhost udevd[237]: seq 1837 done with 0
Jan 14 14:15:51 localhost udevd[244]: creating symlink '/dev/char/7:55' to '../vcs55'
Jan 14 14:15:51 localhost udevd[237]: seq 1839 queued, 'add' 'vc'
Jan 14 14:15:51 localhost udevd[244]: created empty file '/run/udev/data/c7:55' for '/devices/virtual/vc/vcs55'
Jan 14 14:15:51 localhost udevd[237]: passed 186 bytes to netlink monitor 0x16c8660
Jan 14 14:15:51 localhost udevd[244]: passed -1 bytes to netlink monitor 0x16d9120
Jan 14 14:15:51 localhost udevd[244]: seq 1836 processed with 0
Jan 14 14:15:51 localhost udevd[237]: seq 1840 queued, 'add' 'vc'
Jan 14 14:15:51 localhost udevd[240]: seq 1839 running
Jan 14 14:15:51 localhost udevd[240]: device 0x16c85c0 has devpath '/devices/virtual/vc/vcsa56'
Jan 14 14:15:51 localhost udevd[237]: passed 183 bytes to netlink monitor 0x16c8660
Jan 14 14:15:51 localhost udevd[240]: no db file to read /run/udev/data/c7:184: No such file or directory
Jan 14 14:15:51 localhost udevd[237]: seq 1836 done with 0
Jan 14 14:15:51 localhost udevd[241]: seq 1840 running
Jan 14 14:15:51 localhost udevd[240]: GROUP 5 /lib/udev/rules.d/50-udev-default.rules:8
Jan 14 14:15:51 localhost udevd[237]: seq 1841 queued, 'add' 'vc'
Jan 14 14:15:51 localhost udevd[241]: device 0x16d0560 has devpath '/devices/virtual/vc/vcs57'
Jan 14 14:15:51 localhost udevd[240]: handling device node '/dev/vcsa56', devnum=c7:184, mode=0660, uid=0, gid=5
Jan 14 14:15:51 localhost udevd[242]: seq 1841 running
Jan 14 14:15:51 localhost udevd[241]: no db file to read /run/udev/data/c7:57: No such file or directory
Jan 14 14:15:51 localhost udevd[240]: set permissions /dev/vcsa56, 020660, uid=0, gid=5
Jan 14 14:15:51 localhost udevd[242]: device 0x16c85c0 has devpath '/devices/virtual/vc/vcsa57'
Jan 14 14:15:51 localhost udevd[237]: passed 186 bytes to netlink monitor 0x16c8660
Jan 14 14:15:51 localhost udevd[241]: GROUP 5 /lib/udev/rules.d/50-udev-default.rules:8
Jan 14 14:15:51 localhost udevd[240]: creating symlink '/dev/char/7:184' to '../vcsa56'
Jan 14 14:15:51 localhost udevd[237]: seq 1842 queued, 'add' 'vc'
Jan 14 14:15:51 localhost udevd[242]: no db file to read /run/udev/data/c7:185: No such file or directory
Jan 14 14:15:51 localhost udevd[241]: handling device node '/dev/vcs57', devnum=c7:57, mode=0660, uid=0, gid=5
Jan 14 14:15:51 localhost udevd[240]: created empty file '/run/udev/data/c7:184' for '/devices/virtual/vc/vcsa56'
Jan 14 14:15:51 localhost udevd[242]: GROUP 5 /lib/udev/rules.d/50-udev-default.rules:8
Jan 14 14:15:51 localhost udevd[241]: set permissions /dev/vcs57, 020660, uid=0, gid=5
Jan 14 14:15:51 localhost udevd[237]: passed 183 bytes to netlink monitor 0x16c8660
Jan 14 14:15:51 localhost udevd[243]: seq 1842 running
Jan 14 14:15:51 localhost udevd[240]: passed -1 bytes to netlink monitor 0x16d0560
Jan 14 14:15:51 localhost udevd[242]: handling device node '/dev/vcsa57', devnum=c7:185, mode=0660, uid=0, gid=5
Jan 14 14:15:51 localhost udevd[241]: creating symlink '/dev/char/7:57' to '../vcs57'
Jan 14 14:15:51 localhost udevd[237]: seq 1843 queued, 'add' 'vc'
Jan 14 14:15:51 localhost udevd[243]: device 0x16c85c0 has devpath '/devices/virtual/vc/vcs58'
Jan 14 14:15:51 localhost udevd[240]: seq 1839 processed with 0
Jan 14 14:15:51 localhost udevd[242]: set permissions /dev/vcsa57, 020660, uid=0, gid=5
Jan 14 14:15:51 localhost udevd[241]: created empty file '/run/udev/data/c7:57' for '/devices/virtual/vc/vcs57'
Jan 14 14:15:51 localhost udevd[237]: passed 186 bytes to netlink monitor 0x16c8660
Jan 14 14:15:51 localhost udevd[243]: no db file to read /run/udev/data/c7:58: No such file or directory
Jan 14 14:15:51 localhost udevd[242]: creating symlink '/dev/char/7:185' to '../vcsa57'
Jan 14 14:15:51 localhost udevd[241]: passed -1 bytes to netlink monitor 0x16d10e0
Jan 14 14:15:51 localhost udevd[237]: seq 1839 done with 0
Jan 14 14:15:51 localhost udevd[243]: GROUP 5 /lib/udev/rules.d/50-udev-default.rules:8
Jan 14 14:15:51 localhost udevd[242]: created empty file '/run/udev/data/c7:185' for '/devices/virtual/vc/vcsa57'
Jan 14 14:15:51 localhost udevd[241]: seq 1840 processed with 0
Jan 14 14:15:51 localhost udevd[237]: seq 1840 done with 0
Jan 14 14:15:51 localhost udevd[243]: handling device node '/dev/vcs58', devnum=c7:58, mode=0660, uid=0, gid=5
Jan 14 14:15:51 localhost udevd[244]: seq 1843 running
Jan 14 14:15:51 localhost udevd[242]: passed -1 bytes to netlink monitor 0x16d8e60
Jan 14 14:15:51 localhost udevd[237]: seq 1844 queued, 'add' 'vc'
Jan 14 14:15:51 localhost udevd[240]: seq 1844 running
Jan 14 14:15:51 localhost udevd[244]: device 0x16ca5c0 has devpath '/devices/virtual/vc/vcsa58'
Jan 14 14:15:51 localhost udevd[242]: seq 1841 processed with 0
Jan 14 14:15:51 localhost udevd[237]: passed 183 bytes to netlink monitor 0x16c8660
Jan 14 14:15:51 localhost udevd[243]: set permissions /dev/vcs58, 020660, uid=0, gid=5
Jan 14 14:15:51 localhost udevd[240]: device 0x16c85c0 has devpath '/devices/virtual/vc/vcs59'
Jan 14 14:15:51 localhost udevd[237]: seq 1841 done with 0
Jan 14 14:15:51 localhost udevd[244]: no db file to read /run/udev/data/c7:186: No such file or directory
Jan 14 14:15:51 localhost udevd[243]: creating symlink '/dev/char/7:58' to '../vcs58'
Jan 14 14:15:51 localhost udevd[240]: no db file to read /run/udev/data/c7:59: No such file or directory
Jan 14 14:15:51 localhost udevd[244]: GROUP 5 /lib/udev/rules.d/50-udev-default.rules:8
Jan 14 14:15:51 localhost udevd[237]: seq 1845 queued, 'add' 'vc'
Jan 14 14:15:51 localhost udevd[240]: GROUP 5 /lib/udev/rules.d/50-udev-default.rules:8
Jan 14 14:15:51 localhost udevd[243]: created empty file '/run/udev/data/c7:58' for '/devices/virtual/vc/vcs58'
Jan 14 14:15:51 localhost udevd[244]: handling device node '/dev/vcsa58', devnum=c7:186, mode=0660, uid=0, gid=5
Jan 14 14:15:51 localhost udevd[237]: passed 186 bytes to netlink monitor 0x16c8660
Jan 14 14:15:51 localhost udevd[241]: seq 1845 running
Jan 14 14:15:51 localhost udevd[240]: handling device node '/dev/vcs59', devnum=c7:59, mode=0660, uid=0, gid=5
Jan 14 14:15:51 localhost udevd[244]: set permissions /dev/vcsa58, 020660, uid=0, gid=5
Jan 14 14:15:51 localhost udevd[243]: passed -1 bytes to netlink monitor 0x16d8fc0
Jan 14 14:15:51 localhost udevd[237]: seq 1846 queued, 'add' 'vc'
Jan 14 14:15:51 localhost udevd[240]: set permissions /dev/vcs59, 020660, uid=0, gid=5
Jan 14 14:15:51 localhost udevd[241]: device 0x16d0560 has devpath '/devices/virtual/vc/vcsa59'
Jan 14 14:15:51 localhost udevd[244]: creating symlink '/dev/char/7:186' to '../vcsa58'
Jan 14 14:15:51 localhost udevd[243]: seq 1842 processed with 0
Jan 14 14:15:51 localhost udevd[237]: passed 180 bytes to netlink monitor 0x16c8660
Jan 14 14:15:51 localhost udevd[242]: seq 1846 running
Jan 14 14:15:51 localhost udevd[240]: creating symlink '/dev/char/7:59' to '../vcs59'
Jan 14 14:15:51 localhost udevd[241]: no db file to read /run/udev/data/c7:187: No such file or directory
Jan 14 14:15:51 localhost udevd[244]: created empty file '/run/udev/data/c7:186' for '/devices/virtual/vc/vcsa58'
Jan 14 14:15:51 localhost udevd[237]: seq 1842 done with 0
Jan 14 14:15:51 localhost udevd[242]: device 0x16c85c0 has devpath '/devices/virtual/vc/vcs6'
Jan 14 14:15:51 localhost udevd[240]: created empty file '/run/udev/data/c7:59' for '/devices/virtual/vc/vcs59'
Jan 14 14:15:51 localhost udevd[241]: GROUP 5 /lib/udev/rules.d/50-udev-default.rules:8
Jan 14 14:15:51 localhost udevd[244]: passed -1 bytes to netlink monitor 0x16d9120
Jan 14 14:15:51 localhost udevd[244]: seq 1843 processed with 0
Jan 14 14:15:51 localhost udevd[242]: no db file to read /run/udev/data/c7:6: No such file or directory
Jan 14 14:15:51 localhost udevd[241]: handling device node '/dev/vcsa59', devnum=c7:187, mode=0660, uid=0, gid=5
Jan 14 14:15:51 localhost udevd[240]: passed -1 bytes to netlink monitor 0x16d0560
Jan 14 14:15:51 localhost udevd[240]: seq 1844 processed with 0
Jan 14 14:15:51 localhost udevd[242]: GROUP 5 /lib/udev/rules.d/50-udev-default.rules:8
Jan 14 14:15:51 localhost udevd[241]: set permissions /dev/vcsa59, 020660, uid=0, gid=5
Jan 14 14:15:51 localhost udevd[237]: seq 1847 queued, 'add' 'vc'
Jan 14 14:15:51 localhost udevd[242]: handling device node '/dev/vcs6', devnum=c7:6, mode=0660, uid=0, gid=5
Jan 14 14:15:51 localhost udevd[241]: creating symlink '/dev/char/7:187' to '../vcsa59'
Jan 14 14:15:51 localhost udevd[237]: passed 184 bytes to netlink monitor 0x16c8660
Jan 14 14:15:51 localhost udevd[243]: seq 1847 running
Jan 14 14:15:51 localhost udevd[242]: set permissions /dev/vcs6, 020660, uid=0, gid=5
Jan 14 14:15:51 localhost udevd[241]: created empty file '/run/udev/data/c7:187' for '/devices/virtual/vc/vcsa59'
Jan 14 14:15:51 localhost udevd[237]: seq 1843 done with 0
Jan 14 14:15:51 localhost udevd[243]: device 0x16c85c0 has devpath '/devices/virtual/vc/vcsa6'
Jan 14 14:15:51 localhost udevd[242]: creating symlink '/dev/char/7:6' to '../vcs6'
Jan 14 14:15:51 localhost udevd[241]: passed -1 bytes to netlink monitor 0x16d10e0
Jan 14 14:15:51 localhost udevd[237]: seq 1844 done with 0
Jan 14 14:15:51 localhost udevd[243]: no db file to read /run/udev/data/c7:134: No such file or directory
Jan 14 14:15:51 localhost udevd[242]: created empty file '/run/udev/data/c7:6' for '/devices/virtual/vc/vcs6'
Jan 14 14:15:51 localhost udevd[241]: seq 1845 processed with 0
Jan 14 14:15:51 localhost udevd[237]: seq 1845 done with 0
Jan 14 14:15:51 localhost udevd[243]: GROUP 5 /lib/udev/rules.d/50-udev-default.rules:8
Jan 14 14:15:51 localhost udevd[242]: passed -1 bytes to netlink monitor 0x16d8e60
Jan 14 14:15:51 localhost udevd[242]: seq 1846 processed with 0
Jan 14 14:15:51 localhost udevd[243]: handling device node '/dev/vcsa6', devnum=c7:134, mode=0660, uid=0, gid=5
Jan 14 14:15:51 localhost udevd[243]: set permissions /dev/vcsa6, 020660, uid=0, gid=5
Jan 14 14:15:51 localhost udevd[237]: seq 1848 queued, 'add' 'vc'
Jan 14 14:15:51 localhost udevd[243]: creating symlink '/dev/char/7:134' to '../vcsa6'
Jan 14 14:15:51 localhost udevd[237]: passed 183 bytes to netlink monitor 0x16c8660
Jan 14 14:15:51 localhost udevd[240]: seq 1848 running
Jan 14 14:15:51 localhost udevd[243]: created empty file '/run/udev/data/c7:134' for '/devices/virtual/vc/vcsa6'
Jan 14 14:15:51 localhost udevd[237]: seq 1846 done with 0
Jan 14 14:15:51 localhost udevd[240]: device 0x16d8f00 has devpath '/devices/virtual/vc/vcs60'
Jan 14 14:15:51 localhost udevd[237]: seq 1849 queued, 'add' 'vc'
Jan 14 14:15:51 localhost udevd[241]: seq 1849 running
Jan 14 14:15:51 localhost udevd[237]: passed 186 bytes to netlink monitor 0x16c8660
Jan 14 14:15:51 localhost udevd[240]: no db file to read /run/udev/data/c7:60: No such file or directory
Jan 14 14:15:51 localhost udevd[243]: passed -1 bytes to netlink monitor 0x16d8fc0
Jan 14 14:15:51 localhost udevd[241]: device 0x16d0560 has devpath '/devices/virtual/vc/vcsa60'
Jan 14 14:15:51 localhost udevd[237]: seq 1850 queued, 'add' 'vc'
Jan 14 14:15:51 localhost udevd[242]: seq 1850 running
Jan 14 14:15:51 localhost udevd[242]: device 0x16c85c0 has devpath '/devices/virtual/vc/vcs61'
Jan 14 14:15:51 localhost udevd[237]: passed 183 bytes to netlink monitor 0x16c8660
Jan 14 14:15:51 localhost udevd[240]: GROUP 5 /lib/udev/rules.d/50-udev-default.rules:8
Jan 14 14:15:51 localhost udevd[243]: seq 1847 processed with 0
Jan 14 14:15:51 localhost udevd[237]: seq 1847 done with 0
Jan 14 14:15:51 localhost udevd[242]: no db file to read /run/udev/data/c7:61: No such file or directory
Jan 14 14:15:51 localhost udevd[241]: no db file to read /run/udev/data/c7:188: No such file or directory
Jan 14 14:15:51 localhost udevd[240]: handling device node '/dev/vcs60', devnum=c7:60, mode=0660, uid=0, gid=5
Jan 14 14:15:51 localhost udevd[242]: GROUP 5 /lib/udev/rules.d/50-udev-default.rules:8
Jan 14 14:15:51 localhost udevd[237]: seq 1851 queued, 'add' 'vc'
Jan 14 14:15:51 localhost udevd[241]: GROUP 5 /lib/udev/rules.d/50-udev-default.rules:8
Jan 14 14:15:51 localhost udevd[240]: set permissions /dev/vcs60, 020660, uid=0, gid=5
Jan 14 14:15:51 localhost udevd[242]: handling device node '/dev/vcs61', devnum=c7:61, mode=0660, uid=0, gid=5
Jan 14 14:15:51 localhost udevd[237]: passed 186 bytes to netlink monitor 0x16c8660
Jan 14 14:15:51 localhost udevd[243]: seq 1851 running
Jan 14 14:15:51 localhost udevd[241]: handling device node '/dev/vcsa60', devnum=c7:188, mode=0660, uid=0, gid=5
Jan 14 14:15:51 localhost udevd[240]: creating symlink '/dev/char/7:60' to '../vcs60'
Jan 14 14:15:51 localhost udevd[242]: set permissions /dev/vcs61, 020660, uid=0, gid=5
Jan 14 14:15:51 localhost udevd[237]: seq 1852 queued, 'add' 'vc'
Jan 14 14:15:51 localhost udevd[243]: device 0x16c85c0 has devpath '/devices/virtual/vc/vcsa61'
Jan 14 14:15:51 localhost udevd[241]: set permissions /dev/vcsa60, 020660, uid=0, gid=5
Jan 14 14:15:51 localhost udevd[240]: created empty file '/run/udev/data/c7:60' for '/devices/virtual/vc/vcs60'
Jan 14 14:15:51 localhost udevd[242]: creating symlink '/dev/char/7:61' to '../vcs61'
Jan 14 14:15:51 localhost udevd[237]: passed 183 bytes to netlink monitor 0x16c8660
Jan 14 14:15:51 localhost udevd[244]: seq 1852 running
Jan 14 14:15:51 localhost udevd[243]: no db file to read /run/udev/data/c7:189: No such file or directory
Jan 14 14:15:51 localhost udevd[241]: creating symlink '/dev/char/7:188' to '../vcsa60'
Jan 14 14:15:51 localhost udevd[240]: passed -1 bytes to netlink monitor 0x16d0560
Jan 14 14:15:51 localhost udevd[240]: seq 1848 processed with 0
Jan 14 14:15:51 localhost udevd[237]: seq 1853 queued, 'add' 'vc'
Jan 14 14:15:51 localhost udevd[244]: device 0x16ca5c0 has devpath '/devices/virtual/vc/vcs62'
Jan 14 14:15:51 localhost udevd[243]: GROUP 5 /lib/udev/rules.d/50-udev-default.rules:8
Jan 14 14:15:51 localhost udevd[241]: created empty file '/run/udev/data/c7:188' for '/devices/virtual/vc/vcsa60'
Jan 14 14:15:51 localhost udevd[242]: created empty file '/run/udev/data/c7:61' for '/devices/virtual/vc/vcs61'
Jan 14 14:15:51 localhost udevd[244]: no db file to read /run/udev/data/c7:62: No such file or directory
Jan 14 14:15:51 localhost udevd[245]: seq 1853 running
Jan 14 14:15:51 localhost udevd[237]: passed 186 bytes to netlink monitor 0x16c8660
Jan 14 14:15:51 localhost udevd[243]: handling device node '/dev/vcsa61', devnum=c7:189, mode=0660, uid=0, gid=5
Jan 14 14:15:51 localhost udevd[241]: passed -1 bytes to netlink monitor 0x16d10e0
Jan 14 14:15:51 localhost udevd[241]: seq 1849 processed with 0
Jan 14 14:15:51 localhost udevd[242]: passed -1 bytes to netlink monitor 0x16d8e60
Jan 14 14:15:51 localhost udevd[242]: seq 1850 processed with 0
Jan 14 14:15:51 localhost udevd[237]: seq 1848 done with 0
Jan 14 14:15:51 localhost udevd[243]: set permissions /dev/vcsa61, 020660, uid=0, gid=5
Jan 14 14:15:51 localhost udevd[244]: GROUP 5 /lib/udev/rules.d/50-udev-default.rules:8
Jan 14 14:15:51 localhost udevd[245]: device 0x16db8c0 has devpath '/devices/virtual/vc/vcsa62'
Jan 14 14:15:51 localhost udevd[237]: seq 1849 done with 0
Jan 14 14:15:51 localhost udevd[243]: creating symlink '/dev/char/7:189' to '../vcsa61'
Jan 14 14:15:51 localhost udevd[244]: handling device node '/dev/vcs62', devnum=c7:62, mode=0660, uid=0, gid=5
Jan 14 14:15:51 localhost udevd[237]: seq 1850 done with 0
Jan 14 14:15:51 localhost udevd[245]: no db file to read /run/udev/data/c7:190: No such file or directory
Jan 14 14:15:51 localhost udevd[243]: created empty file '/run/udev/data/c7:189' for '/devices/virtual/vc/vcsa61'
Jan 14 14:15:51 localhost udevd[244]: set permissions /dev/vcs62, 020660, uid=0, gid=5
Jan 14 14:15:51 localhost udevd[237]: seq 1854 queued, 'add' 'vc'
Jan 14 14:15:51 localhost udevd[240]: seq 1854 running
Jan 14 14:15:51 localhost udevd[240]: device 0x16c85c0 has devpath '/devices/virtual/vc/vcs63'
Jan 14 14:15:51 localhost udevd[244]: creating symlink '/dev/char/7:62' to '../vcs62'
Jan 14 14:15:51 localhost udevd[237]: passed 183 bytes to netlink monitor 0x16c8660
Jan 14 14:15:51 localhost udevd[245]: GROUP 5 /lib/udev/rules.d/50-udev-default.rules:8
Jan 14 14:15:51 localhost udevd[243]: passed -1 bytes to netlink monitor 0x16d8fc0
Jan 14 14:15:51 localhost udevd[244]: created empty file '/run/udev/data/c7:62' for '/devices/virtual/vc/vcs62'
Jan 14 14:15:51 localhost udevd[240]: no db file to read /run/udev/data/c7:63: No such file or directory
Jan 14 14:15:51 localhost udevd[237]: seq 1855 queued, 'add' 'vc'
Jan 14 14:15:51 localhost udevd[245]: handling device node '/dev/vcsa62', devnum=c7:190, mode=0660, uid=0, gid=5
Jan 14 14:15:51 localhost udevd[243]: seq 1851 processed with 0
Jan 14 14:15:51 localhost udevd[244]: passed -1 bytes to netlink monitor 0x16d9120
Jan 14 14:15:51 localhost udevd[240]: GROUP 5 /lib/udev/rules.d/50-udev-default.rules:8
Jan 14 14:15:51 localhost udevd[237]: passed 186 bytes to netlink monitor 0x16c8660
Jan 14 14:15:51 localhost udevd[241]: seq 1855 running
Jan 14 14:15:51 localhost udevd[245]: set permissions /dev/vcsa62, 020660, uid=0, gid=5
Jan 14 14:15:51 localhost udevd[244]: seq 1852 processed with 0
Jan 14 14:15:51 localhost udevd[240]: handling device node '/dev/vcs63', devnum=c7:63, mode=0660, uid=0, gid=5
Jan 14 14:15:51 localhost udevd[237]: seq 1851 done with 0
Jan 14 14:15:51 localhost udevd[241]: device 0x16d0560 has devpath '/devices/virtual/vc/vcsa63'
Jan 14 14:15:51 localhost udevd[245]: creating symlink '/dev/char/7:190' to '../vcsa62'
Jan 14 14:15:51 localhost udevd[240]: set permissions /dev/vcs63, 020660, uid=0, gid=5
Jan 14 14:15:51 localhost udevd[237]: seq 1852 done with 0
Jan 14 14:15:51 localhost udevd[241]: no db file to read /run/udev/data/c7:191: No such file or directory
Jan 14 14:15:51 localhost udevd[245]: created empty file '/run/udev/data/c7:190' for '/devices/virtual/vc/vcsa62'
Jan 14 14:15:51 localhost udevd[240]: creating symlink '/dev/char/7:63' to '../vcs63'
Jan 14 14:15:51 localhost udevd[237]: seq 1856 queued, 'add' 'vc'
Jan 14 14:15:51 localhost udevd[241]: GROUP 5 /lib/udev/rules.d/50-udev-default.rules:8
Jan 14 14:15:51 localhost udevd[245]: passed -1 bytes to netlink monitor 0x16d9280
Jan 14 14:15:51 localhost udevd[240]: created empty file '/run/udev/data/c7:63' for '/devices/virtual/vc/vcs63'
Jan 14 14:15:51 localhost udevd[237]: passed 180 bytes to netlink monitor 0x16c8660
Jan 14 14:15:51 localhost udevd[242]: seq 1856 running
Jan 14 14:15:51 localhost udevd[241]: handling device node '/dev/vcsa63', devnum=c7:191, mode=0660, uid=0, gid=5
Jan 14 14:15:51 localhost udevd[245]: seq 1853 processed with 0
Jan 14 14:15:51 localhost udevd[237]: seq 1853 done with 0
Jan 14 14:15:51 localhost udevd[240]: passed -1 bytes to netlink monitor 0x16d0560
Jan 14 14:15:51 localhost udevd[241]: set permissions /dev/vcsa63, 020660, uid=0, gid=5
Jan 14 14:15:51 localhost udevd[242]: device 0x16c85c0 has devpath '/devices/virtual/vc/vcs7'
Jan 14 14:15:51 localhost udevd[240]: seq 1854 processed with 0
Jan 14 14:15:51 localhost udevd[237]: seq 1857 queued, 'add' 'vc'
Jan 14 14:15:51 localhost udevd[241]: creating symlink '/dev/char/7:191' to '../vcsa63'
Jan 14 14:15:51 localhost udevd[242]: no db file to read /run/udev/data/c7:7: No such file or directory
Jan 14 14:15:51 localhost udevd[241]: created empty file '/run/udev/data/c7:191' for '/devices/virtual/vc/vcsa63'
Jan 14 14:15:51 localhost udevd[237]: passed 184 bytes to netlink monitor 0x16c8660
Jan 14 14:15:51 localhost udevd[241]: passed -1 bytes to netlink monitor 0x16d10e0
Jan 14 14:15:51 localhost udevd[243]: seq 1857 running
Jan 14 14:15:51 localhost udevd[237]: seq 1854 done with 0
Jan 14 14:15:51 localhost udevd[242]: GROUP 5 /lib/udev/rules.d/50-udev-default.rules:8
Jan 14 14:15:51 localhost udevd[241]: seq 1855 processed with 0
Jan 14 14:15:51 localhost udevd[243]: device 0x16c85c0 has devpath '/devices/virtual/vc/vcsa7'
Jan 14 14:15:51 localhost udevd[237]: seq 1855 done with 0
Jan 14 14:15:51 localhost udevd[242]: handling device node '/dev/vcs7', devnum=c7:7, mode=0660, uid=0, gid=5
Jan 14 14:15:51 localhost udevd[237]: seq 1858 queued, 'add' 'vc'
Jan 14 14:15:51 localhost udevd[243]: no db file to read /run/udev/data/c7:135: No such file or directory
Jan 14 14:15:51 localhost udevd[242]: set permissions /dev/vcs7, 020660, uid=0, gid=5
Jan 14 14:15:51 localhost udevd[237]: passed 180 bytes to netlink monitor 0x16c8660
Jan 14 14:15:51 localhost udevd[240]: seq 1858 running
Jan 14 14:15:51 localhost udevd[243]: GROUP 5 /lib/udev/rules.d/50-udev-default.rules:8
Jan 14 14:15:51 localhost udevd[242]: creating symlink '/dev/char/7:7' to '../vcs7'
Jan 14 14:15:51 localhost udevd[237]: seq 1859 queued, 'add' 'vc'
Jan 14 14:15:51 localhost udevd[240]: device 0x16d6510 has devpath '/devices/virtual/vc/vcs8'
Jan 14 14:15:51 localhost udevd[243]: handling device node '/dev/vcsa7', devnum=c7:135, mode=0660, uid=0, gid=5
Jan 14 14:15:51 localhost udevd[242]: created empty file '/run/udev/data/c7:7' for '/devices/virtual/vc/vcs7'
Jan 14 14:15:51 localhost udevd[241]: seq 1859 running
Jan 14 14:15:51 localhost udevd[241]: device 0x16d0560 has devpath '/devices/virtual/vc/vcsa8'
Jan 14 14:15:51 localhost udevd[243]: set permissions /dev/vcsa7, 020660, uid=0, gid=5
Jan 14 14:15:51 localhost udevd[240]: no db file to read /run/udev/data/c7:8: No such file or directory
Jan 14 14:15:51 localhost udevd[242]: passed -1 bytes to netlink monitor 0x16d8e60
Jan 14 14:15:51 localhost udevd[237]: passed 184 bytes to netlink monitor 0x16c8660
Jan 14 14:15:51 localhost udevd[241]: no db file to read /run/udev/data/c7:136: No such file or directory
Jan 14 14:15:51 localhost udevd[243]: creating symlink '/dev/char/7:135' to '../vcsa7'
Jan 14 14:15:51 localhost udevd[240]: GROUP 5 /lib/udev/rules.d/50-udev-default.rules:8
Jan 14 14:15:51 localhost udevd[242]: seq 1856 processed with 0
Jan 14 14:15:51 localhost udevd[237]: seq 1856 done with 0
Jan 14 14:15:51 localhost udevd[243]: created empty file '/run/udev/data/c7:135' for '/devices/virtual/vc/vcsa7'
Jan 14 14:15:51 localhost udevd[241]: GROUP 5 /lib/udev/rules.d/50-udev-default.rules:8
Jan 14 14:15:51 localhost udevd[240]: handling device node '/dev/vcs8', devnum=c7:8, mode=0660, uid=0, gid=5
Jan 14 14:15:51 localhost udevd[237]: seq 1860 queued, 'add' 'vc'
Jan 14 14:15:51 localhost udevd[243]: passed -1 bytes to netlink monitor 0x16d8fc0
Jan 14 14:15:51 localhost udevd[241]: handling device node '/dev/vcsa8', devnum=c7:136, mode=0660, uid=0, gid=5
Jan 14 14:15:51 localhost udevd[240]: set permissions /dev/vcs8, 020660, uid=0, gid=5
Jan 14 14:15:51 localhost udevd[243]: seq 1857 processed with 0
Jan 14 14:15:51 localhost udevd[241]: set permissions /dev/vcsa8, 020660, uid=0, gid=5
Jan 14 14:15:51 localhost udevd[242]: seq 1860 running
Jan 14 14:15:51 localhost udevd[237]: passed 180 bytes to netlink monitor 0x16c8660
Jan 14 14:15:51 localhost udevd[240]: creating symlink '/dev/char/7:8' to '../vcs8'
Jan 14 14:15:51 localhost udevd[241]: creating symlink '/dev/char/7:136' to '../vcsa8'
Jan 14 14:15:51 localhost udevd[242]: device 0x16c85c0 has devpath '/devices/virtual/vc/vcs9'
Jan 14 14:15:51 localhost udevd[237]: seq 1857 done with 0
Jan 14 14:15:51 localhost udevd[240]: created empty file '/run/udev/data/c7:8' for '/devices/virtual/vc/vcs8'
Jan 14 14:15:51 localhost udevd[242]: no db file to read /run/udev/data/c7:9: No such file or directory
Jan 14 14:15:51 localhost udevd[241]: created empty file '/run/udev/data/c7:136' for '/devices/virtual/vc/vcsa8'
Jan 14 14:15:51 localhost udevd[237]: seq 1861 queued, 'add' 'vc'
Jan 14 14:15:51 localhost udevd[242]: GROUP 5 /lib/udev/rules.d/50-udev-default.rules:8
Jan 14 14:15:51 localhost udevd[240]: passed -1 bytes to netlink monitor 0x16d0560
Jan 14 14:15:51 localhost udevd[241]: passed -1 bytes to netlink monitor 0x16d10e0
Jan 14 14:15:51 localhost udevd[240]: seq 1858 processed with 0
Jan 14 14:15:51 localhost udevd[242]: handling device node '/dev/vcs9', devnum=c7:9, mode=0660, uid=0, gid=5
Jan 14 14:15:51 localhost udevd[237]: passed 184 bytes to netlink monitor 0x16c8660
Jan 14 14:15:51 localhost udevd[241]: seq 1859 processed with 0
Jan 14 14:15:51 localhost udevd[243]: seq 1861 running
Jan 14 14:15:51 localhost udevd[242]: set permissions /dev/vcs9, 020660, uid=0, gid=5
Jan 14 14:15:51 localhost udevd[237]: seq 1858 done with 0
Jan 14 14:15:51 localhost udevd[243]: device 0x16c85c0 has devpath '/devices/virtual/vc/vcsa9'
Jan 14 14:15:51 localhost udevd[237]: seq 1859 done with 0
Jan 14 14:15:51 localhost udevd[243]: no db file to read /run/udev/data/c7:137: No such file or directory
Jan 14 14:15:51 localhost udevd[242]: creating symlink '/dev/char/7:9' to '../vcs9'
Jan 14 14:15:51 localhost udevd[243]: GROUP 5 /lib/udev/rules.d/50-udev-default.rules:8
Jan 14 14:15:51 localhost udevd[242]: created empty file '/run/udev/data/c7:9' for '/devices/virtual/vc/vcs9'
Jan 14 14:15:51 localhost udevd[243]: handling device node '/dev/vcsa9', devnum=c7:137, mode=0660, uid=0, gid=5
Jan 14 14:15:51 localhost udevd[242]: passed -1 bytes to netlink monitor 0x16d8e60
Jan 14 14:15:51 localhost udevd[243]: set permissions /dev/vcsa9, 020660, uid=0, gid=5
Jan 14 14:15:51 localhost udevd[242]: seq 1860 processed with 0
Jan 14 14:15:51 localhost udevd[237]: seq 1860 done with 0
Jan 14 14:15:51 localhost udevd[243]: creating symlink '/dev/char/7:137' to '../vcsa9'
Jan 14 14:15:51 localhost udevd[243]: created empty file '/run/udev/data/c7:137' for '/devices/virtual/vc/vcsa9'
Jan 14 14:15:51 localhost udevd[243]: passed -1 bytes to netlink monitor 0x16d8fc0
Jan 14 14:15:51 localhost udevd[243]: seq 1861 processed with 0
Jan 14 14:15:51 localhost udevd[237]: seq 1861 done with 0
Jan 14 14:15:51 localhost udevd[237]: seq 1862 queued, 'add' 'module'
Jan 14 14:15:51 localhost udevd[237]: passed 150 bytes to netlink monitor 0x16c8660
Jan 14 14:15:51 localhost udevd[240]: seq 1862 running
Jan 14 14:15:51 localhost udevd[240]: device 0x16ef5e0 has devpath '/module/cpufreq_ondemand'
Jan 14 14:15:51 localhost udevd[240]: no db file to read /run/udev/data/+module:cpufreq_ondemand: No such file or directory
Jan 14 14:15:51 localhost udevd[240]: passed -1 bytes to netlink monitor 0x16d0560
Jan 14 14:15:51 localhost udevd[240]: seq 1862 processed with 0
Jan 14 14:15:51 localhost udevd[237]: seq 1862 done with 0
Jan 14 14:15:52 localhost acpid: starting up with netlink and the input layer
Jan 14 14:15:52 localhost acpid: 1 rule loaded
Jan 14 14:15:52 localhost acpid: waiting for events: event logging is off
Jan 14 14:16:24 localhost udevd[237]: validate module index
Jan 14 14:16:24 localhost udevd[237]: seq 1863 queued, 'remove' 'firmware'
Jan 14 14:16:24 localhost udevd[237]: seq 1864 queued, 'add' 'drivers'
Jan 14 14:16:24 localhost udevd[258]: inserted 'brcmsmac'
Jan 14 14:16:24 localhost udevd[237]: passed 152 bytes to netlink monitor 0x16c8660
Jan 14 14:16:24 localhost udevd[240]: seq 1864 running
Jan 14 14:16:24 localhost udevd[258]: passed -1 bytes to netlink monitor 0x16f7fb0
Jan 14 14:16:24 localhost udevd[258]: seq 1431 processed with 0
Jan 14 14:16:24 localhost udevd[240]: device 0x16ef5e0 has devpath '/bus/pci/drivers/brcmsmac'
Jan 14 14:16:24 localhost udevd[240]: no db file to read /run/udev/data/+drivers:brcmsmac: No such file or directory
Jan 14 14:16:24 localhost udevd[240]: passed -1 bytes to netlink monitor 0x16d0560
Jan 14 14:16:24 localhost udevd[240]: seq 1864 processed with 0
Jan 14 14:16:24 localhost udevd[237]: seq 1431 done with 0
Jan 14 14:16:24 localhost udevd[237]: seq 1864 done with 0
Jan 14 14:16:24 localhost udevd[237]: passed 241 bytes to netlink monitor 0x16c8660
Jan 14 14:16:24 localhost udevd[240]: seq 1667 running
Jan 14 14:16:24 localhost udevd[240]: IMPORT builtin 'firmware' /lib/udev/rules.d/50-udev-default.rules:107
Jan 14 14:16:24 localhost udevd[240]: error: can not open '/sys/devices/pci0000:00/0000:00:1c.1/0000:02:00.0/firmware/0000:02:00.0/loading'
Jan 14 14:16:24 localhost udevd[240]: passed -1 bytes to netlink monitor 0x16d0560
Jan 14 14:16:24 localhost udevd[240]: seq 1667 processed with 0
Jan 14 14:16:24 localhost udevd[237]: seq 1667 done with 0
Jan 14 14:16:24 localhost udevd[237]: passed 244 bytes to netlink monitor 0x16c8660
Jan 14 14:16:24 localhost udevd[240]: seq 1863 running
Jan 14 14:16:24 localhost udevd[240]: no db file to read /run/udev/data/+firmware:0000:02:00.0: No such file or directory
Jan 14 14:16:24 localhost udevd[240]: passed -1 bytes to netlink monitor 0x16d0560
Jan 14 14:16:24 localhost udevd[240]: seq 1863 processed with 0
Jan 14 14:16:24 localhost udevd[237]: seq 1863 done with 0
Jan 14 14:16:27 localhost udevd[237]: validate module index
Jan 14 14:16:27 localhost udevd[237]: worker [240] exit
Jan 14 14:16:27 localhost udevd[237]: worker [240] cleaned up
Jan 14 14:16:27 localhost udevd[237]: worker [241] exit
Jan 14 14:16:27 localhost udevd[237]: worker [241] cleaned up
Jan 14 14:16:27 localhost udevd[237]: worker [242] exit
Jan 14 14:16:27 localhost udevd[237]: worker [242] cleaned up
Jan 14 14:16:27 localhost udevd[237]: worker [243] exit
Jan 14 14:16:27 localhost udevd[237]: worker [243] cleaned up
Jan 14 14:16:27 localhost udevd[237]: worker [245] exit
Jan 14 14:16:27 localhost udevd[237]: worker [245] cleaned up
Jan 14 14:16:27 localhost udevd[237]: worker [246] exit
Jan 14 14:16:27 localhost udevd[237]: worker [246] cleaned up
Jan 14 14:16:27 localhost udevd[237]: worker [244] exit
Jan 14 14:16:27 localhost udevd[237]: worker [244] cleaned up
Jan 14 14:16:27 localhost udevd[237]: worker [247] exit
Jan 14 14:16:27 localhost udevd[237]: worker [247] cleaned up
Jan 14 14:16:27 localhost udevd[237]: worker [250] exit
Jan 14 14:16:27 localhost udevd[237]: worker [250] cleaned up
Jan 14 14:16:27 localhost udevd[237]: worker [254] exit
Jan 14 14:16:27 localhost udevd[237]: worker [254] cleaned up
Jan 14 14:16:27 localhost udevd[237]: worker [255] exit
Jan 14 14:16:27 localhost udevd[237]: worker [255] cleaned up
Jan 14 14:16:27 localhost udevd[237]: worker [256] exit
Jan 14 14:16:27 localhost udevd[237]: worker [256] cleaned up
Jan 14 14:18:57 localhost udevd[237]: validate module index
Jan 14 14:18:57 localhost udevd[237]: seq 1865 queued, 'remove' 'drivers'
Jan 14 14:18:57 localhost udevd[257]: seq 1865 running
Jan 14 14:18:57 localhost udevd[257]: no db file to read /run/udev/data/+drivers:brcmsmac: No such file or directory
Jan 14 14:18:57 localhost udevd[257]: passed -1 bytes to netlink monitor 0x16f7e90
Jan 14 14:18:57 localhost udevd[257]: seq 1865 processed with 0
Jan 14 14:18:57 localhost udevd[237]: passed 156 bytes to netlink monitor 0x16c8660
Jan 14 14:18:57 localhost udevd[237]: seq 1865 done with 0
Jan 14 14:18:57 localhost udevd[237]: seq 1866 queued, 'remove' 'module'
Jan 14 14:18:57 localhost udevd[257]: seq 1866 running
Jan 14 14:18:57 localhost udevd[257]: no db file to read /run/udev/data/+module:brcmsmac: No such file or directory
Jan 14 14:18:57 localhost udevd[257]: passed -1 bytes to netlink monitor 0x16f7e90
Jan 14 14:18:57 localhost udevd[257]: seq 1866 processed with 0
Jan 14 14:18:57 localhost udevd[237]: passed 146 bytes to netlink monitor 0x16c8660
Jan 14 14:18:57 localhost udevd[237]: seq 1866 done with 0
Jan 14 14:19:04 localhost udevd[237]: validate module index
Jan 14 14:19:04 localhost udevd[237]: seq 1867 queued, 'add' 'module'
Jan 14 14:19:04 localhost udevd[257]: seq 1867 running
Jan 14 14:19:04 localhost udevd[257]: device 0x16c85c0 has devpath '/module/brcmsmac'
Jan 14 14:19:04 localhost udevd[257]: no db file to read /run/udev/data/+module:brcmsmac: No such file or directory
Jan 14 14:19:04 localhost udevd[257]: passed -1 bytes to netlink monitor 0x16f7e90
Jan 14 14:19:04 localhost udevd[257]: seq 1867 processed with 0
Jan 14 14:19:04 localhost udevd[237]: passed 143 bytes to netlink monitor 0x16c8660
Jan 14 14:19:04 localhost udevd[237]: seq 1867 done with 0
Jan 14 14:19:04 localhost udevd[237]: seq 1868 queued, 'add' 'firmware'
Jan 14 14:19:04 localhost udevd[237]: passed 242 bytes to netlink monitor 0x16c8660
Jan 14 14:19:04 localhost udevd[257]: seq 1868 running
Jan 14 14:19:04 localhost udevd[257]: device 0x16c85c0 has devpath '/devices/pci0000:00/0000:00:1c.1/0000:02:00.0/firmware/0000:02:00.0'
Jan 14 14:19:04 localhost udevd[257]: no db file to read /run/udev/data/+firmware:0000:02:00.0: No such file or directory
Jan 14 14:19:04 localhost udevd[257]: IMPORT builtin 'firmware' /lib/udev/rules.d/50-udev-default.rules:107
Jan 14 14:19:04 localhost udevd[257]: writing '/lib/firmware/brcm/bcm43xx-0.fw' (97344) to '/sys/devices/pci0000:00/0000:00:1c.1/0000:02:00.0/firmware/0000:02:00.0/data'
Jan 14 14:19:04 localhost udevd[237]: seq 1869 queued, 'remove' 'firmware'
Jan 14 14:19:04 localhost udevd[257]: passed -1 bytes to netlink monitor 0x16f7e90
Jan 14 14:19:04 localhost udevd[257]: seq 1868 processed with 0
Jan 14 14:19:04 localhost udevd[237]: seq 1870 queued, 'add' 'firmware'
Jan 14 14:19:04 localhost udevd[237]: seq 1868 done with 0
Jan 14 14:19:04 localhost udevd[237]: passed 245 bytes to netlink monitor 0x16c8660
Jan 14 14:19:04 localhost udevd[257]: seq 1869 running
Jan 14 14:19:04 localhost udevd[257]: no db file to read /run/udev/data/+firmware:0000:02:00.0: No such file or directory
Jan 14 14:19:04 localhost udevd[257]: passed -1 bytes to netlink monitor 0x16f7e90
Jan 14 14:19:04 localhost udevd[257]: seq 1869 processed with 0
Jan 14 14:19:04 localhost udevd[237]: seq 1869 done with 0
Jan 14 14:19:04 localhost udevd[237]: passed 246 bytes to netlink monitor 0x16c8660
Jan 14 14:19:04 localhost udevd[257]: seq 1870 running
Jan 14 14:19:04 localhost udevd[257]: device 0x16f3c90 has devpath '/devices/pci0000:00/0000:00:1c.1/0000:02:00.0/firmware/0000:02:00.0'
Jan 14 14:19:04 localhost udevd[257]: no db file to read /run/udev/data/+firmware:0000:02:00.0: No such file or directory
Jan 14 14:19:04 localhost udevd[257]: IMPORT builtin 'firmware' /lib/udev/rules.d/50-udev-default.rules:107
Jan 14 14:19:04 localhost udevd[257]: writing '/lib/firmware/brcm/bcm43xx_hdr-0.fw' (180) to '/sys/devices/pci0000:00/0000:00:1c.1/0000:02:00.0/firmware/0000:02:00.0/data'
Jan 14 14:19:04 localhost udevd[237]: seq 1871 queued, 'remove' 'firmware'
Jan 14 14:19:04 localhost udevd[257]: passed -1 bytes to netlink monitor 0x16f7e90
Jan 14 14:19:04 localhost udevd[257]: seq 1870 processed with 0
Jan 14 14:19:04 localhost udevd[237]: seq 1870 done with 0
Jan 14 14:19:04 localhost udevd[237]: passed 249 bytes to netlink monitor 0x16c8660
Jan 14 14:19:04 localhost udevd[257]: seq 1871 running
Jan 14 14:19:04 localhost udevd[257]: no db file to read /run/udev/data/+firmware:0000:02:00.0: No such file or directory
Jan 14 14:19:04 localhost udevd[257]: passed -1 bytes to netlink monitor 0x16f7e90
Jan 14 14:19:04 localhost udevd[257]: seq 1871 processed with 0
Jan 14 14:19:04 localhost udevd[237]: seq 1871 done with 0
Jan 14 14:19:04 localhost udevd[237]: seq 1872 queued, 'add' 'ieee80211'
Jan 14 14:19:04 localhost udevd[257]: seq 1872 running
Jan 14 14:19:04 localhost udevd[257]: device 0x16f3c70 has devpath '/devices/pci0000:00/0000:00:1c.1/0000:02:00.0/ieee80211/phy1'
Jan 14 14:19:04 localhost udevd[257]: no db file to read /run/udev/data/+ieee80211:phy1: No such file or directory
Jan 14 14:19:04 localhost udevd[257]: passed -1 bytes to netlink monitor 0x16f7e90
Jan 14 14:19:04 localhost udevd[257]: seq 1872 processed with 0
Jan 14 14:19:04 localhost udevd[237]: passed 190 bytes to netlink monitor 0x16c8660
Jan 14 14:19:04 localhost udevd[237]: seq 1872 done with 0
Jan 14 14:19:04 localhost udevd[237]: seq 1873 queued, 'add' 'rfkill'
Jan 14 14:19:04 localhost udevd[257]: seq 1873 running
Jan 14 14:19:04 localhost udevd[257]: device 0x16ca810 has devpath '/devices/pci0000:00/0000:00:1c.1/0000:02:00.0/ieee80211/phy1/rfkill1'
Jan 14 14:19:04 localhost udevd[257]: no db file to read /run/udev/data/+rfkill:rfkill1: No such file or directory
Jan 14 14:19:04 localhost udevd[257]: passed -1 bytes to netlink monitor 0x16f7e90
Jan 14 14:19:04 localhost udevd[257]: seq 1873 processed with 0
Jan 14 14:19:04 localhost udevd[237]: passed 244 bytes to netlink monitor 0x16c8660
Jan 14 14:19:04 localhost udevd[237]: seq 1873 done with 0
Jan 14 14:19:04 localhost udevd[237]: seq 1874 queued, 'change' 'rfkill'
Jan 14 14:19:04 localhost udevd[237]: passed 247 bytes to netlink monitor 0x16c8660
Jan 14 14:19:04 localhost udevd[257]: seq 1874 running
Jan 14 14:19:04 localhost udevd[257]: device 0x16ca810 has devpath '/devices/pci0000:00/0000:00:1c.1/0000:02:00.0/ieee80211/phy1/rfkill1'
Jan 14 14:19:04 localhost udevd[257]: no db file to read /run/udev/data/+rfkill:rfkill1: No such file or directory
Jan 14 14:19:04 localhost udevd[257]: passed -1 bytes to netlink monitor 0x16f7e90
Jan 14 14:19:04 localhost udevd[257]: seq 1874 processed with 0
Jan 14 14:19:04 localhost udevd[237]: seq 1874 done with 0
Jan 14 14:19:04 localhost udevd[237]: seq 1875 queued, 'add' 'module'
Jan 14 14:19:04 localhost udevd[237]: passed 139 bytes to netlink monitor 0x16c8660
Jan 14 14:19:04 localhost udevd[257]: seq 1875 running
Jan 14 14:19:04 localhost udevd[257]: device 0x16ca810 has devpath '/module/arc4'
Jan 14 14:19:04 localhost udevd[257]: no db file to read /run/udev/data/+module:arc4: No such file or directory
Jan 14 14:19:04 localhost udevd[257]: passed -1 bytes to netlink monitor 0x16f7e90
Jan 14 14:19:04 localhost udevd[257]: seq 1875 processed with 0
Jan 14 14:19:04 localhost udevd[237]: seq 1875 done with 0
Jan 14 14:19:04 localhost udevd[237]: seq 1876 queued, 'add' 'net'
Jan 14 14:19:04 localhost udevd[237]: passed 218 bytes to netlink monitor 0x16c8660
Jan 14 14:19:04 localhost udevd[237]: seq 1877 queued, 'add' 'queues'
Jan 14 14:19:04 localhost udevd[257]: seq 1876 running
Jan 14 14:19:04 localhost udevd[237]: seq 1878 queued, 'add' 'queues'
Jan 14 14:19:04 localhost udevd[237]: seq 1879 queued, 'add' 'queues'
Jan 14 14:19:04 localhost udevd[257]: device 0x16c8c70 has devpath '/devices/pci0000:00/0000:00:1c.1/0000:02:00.0/net/wlan0'
Jan 14 14:19:04 localhost udevd[237]: seq 1880 queued, 'add' 'queues'
Jan 14 14:19:04 localhost udevd[237]: seq 1881 queued, 'add' 'queues'
Jan 14 14:19:04 localhost udevd[237]: seq 1882 queued, 'add' 'drivers'
Jan 14 14:19:04 localhost udevd[257]: no db file to read /run/udev/data/n2: No such file or directory
Jan 14 14:19:04 localhost udevd[257]: device 0x16d0560 has devpath '/devices/pci0000:00/0000:00:1c.1/0000:02:00.0'
Jan 14 14:19:04 localhost udevd[258]: seq 1882 running
Jan 14 14:19:04 localhost udevd[258]: device 0x16dbbb0 has devpath '/bus/pci/drivers/brcmsmac'
Jan 14 14:19:04 localhost udevd[257]: device 0x16d0c50 has devpath '/devices/pci0000:00/0000:00:1c.1'
Jan 14 14:19:04 localhost udevd[258]: no db file to read /run/udev/data/+drivers:brcmsmac: No such file or directory
Jan 14 14:19:04 localhost udevd[257]: device 0x16f41c0 has devpath '/devices/pci0000:00'
Jan 14 14:19:04 localhost udevd[257]: IMPORT builtin 'pci-db' /lib/udev/rules.d/75-net-description.rules:11
Jan 14 14:19:04 localhost udevd[258]: passed -1 bytes to netlink monitor 0x16f7fb0
Jan 14 14:19:04 localhost udevd[258]: seq 1882 processed with 0
Jan 14 14:19:04 localhost udevd[237]: passed 153 bytes to netlink monitor 0x16c8660
Jan 14 14:19:04 localhost udevd[237]: seq 1882 done with 0
Jan 14 14:19:04 localhost udevd[237]: seq 1883 queued, 'change' 'platform'
Jan 14 14:19:04 localhost udevd[258]: seq 1883 running
Jan 14 14:19:04 localhost udevd[258]: device 0x16db8c0 has devpath '/devices/platform/regulatory.0'
Jan 14 14:19:04 localhost udevd[258]: no db file to read /run/udev/data/+platform:regulatory.0: No such file or directory
Jan 14 14:19:04 localhost udevd[258]: IMPORT builtin 'kmod' /lib/udev/rules.d/80-drivers.rules:5
Jan 14 14:19:04 localhost udevd[258]: execute 'load' 'platform:regulatory'
Jan 14 14:19:04 localhost udevd[258]: no module matches 'platform:regulatory'
Jan 14 14:19:04 localhost udevd[258]: RUN '/sbin/crda' /lib/udev/rules.d/85-regulatory.rules:5
Jan 14 14:19:04 localhost udevd[237]: passed 202 bytes to netlink monitor 0x16c8660
Jan 14 14:19:04 localhost udevd[563]: starting '/sbin/crda'
Jan 14 14:19:04 localhost udevd[258]: '/sbin/crda'(err) 'COUNTRY environment variable must be an ISO ISO 3166-1-alpha-2 (uppercase) or 00'
Jan 14 14:19:04 localhost udevd[258]: '/sbin/crda' [563] exit with return code 234
Jan 14 14:19:04 localhost udevd[258]: passed -1 bytes to netlink monitor 0x16f7fb0
Jan 14 14:19:04 localhost udevd[258]: seq 1883 processed with 0
Jan 14 14:19:04 localhost udevd[237]: seq 1883 done with 0
Jan 14 14:19:04 localhost udevd[257]: ID_VENDOR_FROM_DATABASE=Broadcom Corporation
Jan 14 14:19:04 localhost udevd[257]: ID_MODEL_FROM_DATABASE=BCM43224 802.11a/b/g/n
Jan 14 14:19:04 localhost udevd[257]: device 0x16f4c10 has devpath '/devices/pci0000:00/0000:00:1c.1/0000:02:00.0'
Jan 14 14:19:04 localhost udevd[257]: created db file '/run/udev/data/n2' for '/devices/pci0000:00/0000:00:1c.1/0000:02:00.0/net/wlan0'
Jan 14 14:19:04 localhost udevd[257]: passed -1 bytes to netlink monitor 0x16f7e90
Jan 14 14:19:04 localhost udevd[257]: seq 1876 processed with 0
Jan 14 14:19:04 localhost udevd[237]: seq 1876 done with 0
Jan 14 14:19:04 localhost udevd[237]: passed 194 bytes to netlink monitor 0x16c8660
Jan 14 14:19:04 localhost udevd[257]: seq 1877 running
Jan 14 14:19:04 localhost udevd[258]: seq 1878 running
Jan 14 14:19:04 localhost udevd[257]: passed -1 bytes to netlink monitor 0x16f7e90
Jan 14 14:19:04 localhost udevd[257]: seq 1877 processed with 0
Jan 14 14:19:04 localhost udevd[258]: passed -1 bytes to netlink monitor 0x16f7fb0
Jan 14 14:19:04 localhost udevd[258]: seq 1878 processed with 0
Jan 14 14:19:04 localhost udevd[237]: passed 194 bytes to netlink monitor 0x16c8660
Jan 14 14:19:04 localhost udevd[237]: seq 1879 forked new worker [564]
Jan 14 14:19:04 localhost udevd[564]: seq 1879 running
Jan 14 14:19:04 localhost udevd[237]: seq 1880 forked new worker [565]
Jan 14 14:19:04 localhost udevd[564]: passed -1 bytes to netlink monitor 0x16ca8c0
Jan 14 14:19:04 localhost udevd[564]: seq 1879 processed with 0
Jan 14 14:19:04 localhost udevd[237]: seq 1881 forked new worker [566]
Jan 14 14:19:04 localhost udevd[565]: seq 1880 running
Jan 14 14:19:04 localhost udevd[237]: seq 1877 done with 0
Jan 14 14:19:04 localhost udevd[237]: seq 1878 done with 0
Jan 14 14:19:04 localhost udevd[237]: seq 1879 done with 0
Jan 14 14:19:04 localhost udevd[566]: seq 1881 running
Jan 14 14:19:04 localhost udevd[565]: passed -1 bytes to netlink monitor 0x16f0670
Jan 14 14:19:04 localhost udevd[237]: seq 1880 done with 0
Jan 14 14:19:04 localhost udevd[566]: passed -1 bytes to netlink monitor 0x16c87c0
Jan 14 14:19:04 localhost udevd[566]: seq 1881 processed with 0
Jan 14 14:19:04 localhost udevd[237]: seq 1881 done with 0
Jan 14 14:19:04 localhost udevd[565]: seq 1880 processed with 0
Jan 14 14:19:07 localhost udevd[237]: validate module index
Jan 14 14:19:07 localhost udevd[237]: worker [258] exit
Jan 14 14:19:07 localhost udevd[237]: worker [258] cleaned up
Jan 14 14:19:07 localhost udevd[237]: worker [564] exit
Jan 14 14:19:07 localhost udevd[237]: worker [564] cleaned up
Jan 14 14:19:07 localhost udevd[237]: worker [257] exit
Jan 14 14:19:07 localhost udevd[237]: worker [257] cleaned up